Last updated on 2024-03-28 12:50:49 CET.
Flavor | Version | Tinstall | Tcheck | Ttotal | Status | Flags |
---|---|---|---|---|---|---|
r-devel-linux-x86_64-debian-clang | 1.0.0 | 2.75 | 43.24 | 45.99 | NOTE | |
r-devel-linux-x86_64-debian-gcc | 1.0.0 | 1.60 | 32.25 | 33.85 | NOTE | |
r-devel-linux-x86_64-fedora-clang | 1.0.0 | 56.08 | NOTE | |||
r-devel-linux-x86_64-fedora-gcc | 1.0.0 | 57.47 | NOTE | |||
r-devel-windows-x86_64 | 1.0.0 | 4.00 | 46.00 | 50.00 | ERROR | |
r-patched-linux-x86_64 | 1.0.0 | 2.72 | 41.41 | 44.13 | NOTE | |
r-release-linux-x86_64 | 1.0.0 | 2.72 | 40.25 | 42.97 | NOTE | |
r-release-macos-arm64 | 1.0.0 | 23.00 | NOTE | |||
r-release-macos-x86_64 | 1.0.0 | 33.00 | NOTE | |||
r-release-windows-x86_64 | 1.0.0 | 4.00 | 59.00 | 63.00 | NOTE | |
r-oldrel-macos-arm64 | 1.0.0 | 27.00 | NOTE | |||
r-oldrel-windows-x86_64 | 1.0.0 | 4.00 | 63.00 | 67.00 | NOTE |
Version: 1.0.0
Check: LazyData
Result: NOTE
'LazyData' is specified without a 'data' directory
Flavors: r-devel-linux-x86_64-debian-clang, r-devel-linux-x86_64-debian-gcc, r-devel-linux-x86_64-fedora-clang, r-devel-linux-x86_64-fedora-gcc, r-devel-windows-x86_64, r-patched-linux-x86_64, r-release-linux-x86_64, r-release-macos-arm64, r-release-macos-x86_64, r-release-windows-x86_64, r-oldrel-macos-arm64, r-oldrel-windows-x86_64
Version: 1.0.0
Check: tests
Result: ERROR
Running 'testthat.R' [4s]
Running the tests in 'tests/testthat.R' failed.
Complete output:
>
> library(testthat)
> test_check("strip")
Loading required package: strip
Call:
stats::lm(formula = mpg ~ ., data = mtcars)
Coefficients:
(Intercept) cyl disp hp drat wt
12.30337 -0.11144 0.01334 -0.02148 0.78711 -3.71530
qsec vs am gear carb
0.82104 0.31776 2.52023 0.65541 -0.19942
Call:
stats::lm(formula = mpg ~ ., data = mtcars)
Coefficients:
(Intercept) cyl disp hp drat wt
12.30337 -0.11144 0.01334 -0.02148 0.78711 -3.71530
qsec vs am gear carb
0.82104 0.31776 2.52023 0.65541 -0.19942
Call: stats::glm(formula = SF ~ sex * ldose, family = binomial)
Coefficients:
(Intercept) sexM ldose sexM:ldose
-2.9935 0.1750 0.9060 0.3529
Degrees of Freedom: 11 Total (i.e. Null); 8 Residual
Null Deviance: 124.9
Residual Deviance: 4.994 AIC: 43.1
Call: stats::glm(formula = SF ~ sex * ldose, family = binomial)
Coefficients:
(Intercept) sexM ldose sexM:ldose
-2.9935 0.1750 0.9060 0.3529
Degrees of Freedom: 11 Total (i.e. Null); 8 Residual
Null Deviance: 124.9
Residual Deviance: 4.994 AIC: 43.1
Call:
stats::loess(formula = dist ~ speed, data = cars)
Number of Observations: 50
Equivalent Number of Parameters: 4.78
Residual Standard Error: 15.29
Call:
stats::loess(formula = dist ~ speed, data = cars)
Number of Observations: 50
Equivalent Number of Parameters: 4.78
Residual Standard Error: 15.29
Call:
randomForest(formula = Species ~ ., data = iris)
Type of random forest: classification
Number of trees: 500
No. of variables tried at each split: 2
OOB estimate of error rate: 4.67%
Confusion matrix:
setosa versicolor virginica class.error
setosa 50 0 0 0.00
versicolor 0 47 3 0.06
virginica 0 4 46 0.08
Call:
randomForest(formula = Species ~ ., data = iris)
Type of random forest: classification
Number of trees: 500
No. of variables tried at each split: 2
OOB estimate of error rate: 4.67%
Confusion matrix:
setosa versicolor virginica class.error
setosa 50 0 0 0.00
versicolor 0 47 3 0.06
virginica 0 4 46 0.08
Flavor: r-devel-windows-x86_64