Last updated on 2025-02-08 06:48:51 CET.
Flavor | Version | Tinstall | Tcheck | Ttotal | Status | Flags |
---|---|---|---|---|---|---|
r-devel-linux-x86_64-debian-clang | 1.5.1 | 4.71 | 55.84 | 60.55 | NOTE | |
r-devel-linux-x86_64-debian-gcc | 1.5.1 | 3.32 | 41.64 | 44.96 | NOTE | |
r-devel-linux-x86_64-fedora-clang | 1.5.1 | 97.69 | OK | |||
r-devel-linux-x86_64-fedora-gcc | 1.5.1 | 105.05 | OK | |||
r-devel-windows-x86_64 | 1.5.1 | 7.00 | 85.00 | 92.00 | NOTE | |
r-patched-linux-x86_64 | 1.5.1 | 5.83 | 52.10 | 57.93 | OK | |
r-release-linux-x86_64 | 1.5.1 | 3.95 | 52.13 | 56.08 | OK | |
r-release-macos-arm64 | 1.5.1 | 38.00 | OK | |||
r-release-macos-x86_64 | 1.5.1 | 69.00 | OK | |||
r-release-windows-x86_64 | 1.5.1 | 5.00 | 82.00 | 87.00 | OK | |
r-oldrel-macos-arm64 | 1.5.1 | 39.00 | OK | |||
r-oldrel-macos-x86_64 | 1.5.1 | 87.00 | OK | |||
r-oldrel-windows-x86_64 | 1.5.1 | 9.00 | 97.00 | 106.00 | OK |
Version: 1.5.1
Check: Rd cross-references
Result: NOTE
Found the following Rd file(s) with Rd \link{} targets missing package
anchors:
str_replace.Rd: stri_replace
str_split.Rd: stri_split
Please provide package anchors for all Rd \link{} targets not in the
package itself and the base packages.
Flavors: r-devel-linux-x86_64-debian-clang, r-devel-linux-x86_64-debian-gcc, r-devel-windows-x86_64