Last updated on 2023-06-08 11:59:40 CEST.
Flavor | Version | Tinstall | Tcheck | Ttotal | Status | Flags |
---|---|---|---|---|---|---|
r-devel-linux-x86_64-debian-clang | 1.7.12 | 155.58 | 74.13 | 229.71 | NOTE | |
r-devel-linux-x86_64-debian-gcc | 1.7.12 | 109.53 | 56.32 | 165.85 | NOTE | |
r-devel-linux-x86_64-fedora-clang | 1.7.12 | 409.25 | NOTE | |||
r-devel-linux-x86_64-fedora-gcc | 1.7.12 | 317.90 | NOTE | |||
r-devel-windows-x86_64 | 1.7.12 | 657.00 | 166.00 | 823.00 | NOTE | |
r-patched-linux-x86_64 | 1.7.12 | 137.16 | 70.46 | 207.62 | NOTE | |
r-release-linux-x86_64 | 1.7.12 | 125.89 | 71.45 | 197.34 | NOTE | |
r-release-macos-arm64 | 1.7.12 | 100.00 | NOTE | |||
r-release-macos-x86_64 | 1.7.12 | 157.00 | NOTE | |||
r-release-windows-x86_64 | 1.7.12 | 692.00 | 211.00 | 903.00 | NOTE | |
r-oldrel-macos-arm64 | 1.7.12 | 91.00 | NOTE | |||
r-oldrel-macos-x86_64 | 1.7.12 | 128.00 | NOTE | |||
r-oldrel-windows-x86_64 | 1.7.12 | 647.00 | 157.00 | 804.00 | NOTE |
Version: 1.7.12
Check: C++ specification
Result: NOTE
Specified C++11: please drop specification unless essential
Flavors: r-devel-linux-x86_64-debian-clang, r-devel-linux-x86_64-debian-gcc, r-devel-linux-x86_64-fedora-clang, r-devel-linux-x86_64-fedora-gcc, r-devel-windows-x86_64, r-patched-linux-x86_64, r-release-linux-x86_64, r-release-macos-arm64, r-release-macos-x86_64, r-release-windows-x86_64
Version: 1.7.12
Check: installed package size
Result: NOTE
installed size is 33.2Mb
sub-directories of 1Mb or more:
libs 32.4Mb
Flavors: r-devel-windows-x86_64, r-release-macos-arm64, r-release-macos-x86_64, r-release-windows-x86_64, r-oldrel-macos-arm64, r-oldrel-macos-x86_64, r-oldrel-windows-x86_64