CRAN Package Check Results for Package stringi

Last updated on 2024-06-17 11:57:39 CEST.

Flavor Version Tinstall Tcheck Ttotal Status Flags
r-devel-linux-x86_64-debian-clang 1.8.4 201.14 74.21 275.35 OK
r-devel-linux-x86_64-debian-gcc 1.8.4 115.11 53.92 169.03 NOTE
r-devel-linux-x86_64-fedora-clang 1.8.4 461.26 NOTE
r-devel-linux-x86_64-fedora-gcc 1.8.4 370.60 NOTE
r-devel-windows-x86_64 1.8.4 828.00 141.00 969.00 NOTE
r-patched-linux-x86_64 1.8.4 158.64 71.00 229.64 OK
r-release-linux-x86_64 1.8.4 157.07 70.11 227.18 OK
r-release-macos-arm64 1.8.4 97.00 NOTE
r-release-macos-x86_64 1.8.4 92.00 NOTE
r-release-windows-x86_64 1.8.4 589.00 156.00 745.00 NOTE
r-oldrel-macos-arm64 1.8.4 111.00 NOTE
r-oldrel-macos-x86_64 1.8.4 183.00 NOTE
r-oldrel-windows-x86_64 1.8.4 676.00 169.00 845.00 NOTE

Additional issues

rchk

Check Details

Version: 1.8.4
Check: compiled code
Result: NOTE File ‘stringi/libs/stringi.so’: Found non-API calls to R: ‘LEVELS’, ‘NAMED’ Compiled code should not call non-API entry points in R. See ‘Writing portable packages’ in the ‘Writing R Extensions’ manual. Flavors: r-devel-linux-x86_64-debian-gcc, r-devel-linux-x86_64-fedora-clang, r-devel-linux-x86_64-fedora-gcc

Version: 1.8.4
Check: installed package size
Result: NOTE installed size is 34.1Mb sub-directories of 1Mb or more: libs 33.2Mb Flavors: r-devel-windows-x86_64, r-release-macos-arm64, r-release-macos-x86_64, r-release-windows-x86_64, r-oldrel-macos-arm64, r-oldrel-macos-x86_64, r-oldrel-windows-x86_64

Version: 1.8.4
Check: compiled code
Result: NOTE File 'stringi/libs/x64/stringi.dll': Found non-API calls to R: 'LEVELS', 'NAMED' Compiled code should not call non-API entry points in R. See 'Writing portable packages' in the 'Writing R Extensions' manual. Flavor: r-devel-windows-x86_64