CRAN Package Check Results for Package stringformattr

Last updated on 2025-11-25 06:50:30 CET.

Flavor Version Tinstall Tcheck Ttotal Status Flags
r-devel-linux-x86_64-debian-clang 0.1.2 1.49 21.11 22.60 NOTE
r-devel-linux-x86_64-debian-gcc 0.1.2 1.35 17.45 18.80 NOTE
r-devel-linux-x86_64-fedora-clang 0.1.2 31.02 OK
r-devel-linux-x86_64-fedora-gcc 0.1.2 29.79 OK
r-devel-windows-x86_64 0.1.2 3.00 44.00 47.00 OK
r-patched-linux-x86_64 0.1.2 1.63 18.89 20.52 OK
r-release-linux-x86_64 0.1.2 1.28 18.76 20.04 OK
r-release-macos-arm64 0.1.2 OK
r-release-macos-x86_64 0.1.2 2.00 23.00 25.00 OK
r-release-windows-x86_64 0.1.2 4.00 48.00 52.00 OK
r-oldrel-macos-arm64 0.1.2 NOTE
r-oldrel-macos-x86_64 0.1.2 1.00 22.00 23.00 NOTE
r-oldrel-windows-x86_64 0.1.2 4.00 48.00 52.00 NOTE

Check Details

Version: 0.1.2
Check: CRAN incoming feasibility
Result: NOTE Maintainer: ‘Alexander Hoyle <alexander@alexanderhoyle.com>’ No Authors@R field in DESCRIPTION. Please add one, modifying Authors@R: person(given = "Alexander", family = "Hoyle", role = c("aut", "cre"), email = "alexander@alexanderhoyle.com") as necessary. Flavors: r-devel-linux-x86_64-debian-clang, r-devel-linux-x86_64-debian-gcc

Version: 0.1.2
Check: LazyData
Result: NOTE 'LazyData' is specified without a 'data' directory Flavors: r-oldrel-macos-arm64, r-oldrel-macos-x86_64, r-oldrel-windows-x86_64