Last updated on 2024-03-28 12:50:49 CET.
Flavor | Version | Tinstall | Tcheck | Ttotal | Status | Flags |
---|---|---|---|---|---|---|
r-devel-linux-x86_64-debian-clang | 0.16.0 | 28.10 | 147.09 | 175.19 | NOTE | |
r-devel-linux-x86_64-debian-gcc | 0.16.0 | 24.63 | 106.72 | 131.35 | NOTE | |
r-devel-linux-x86_64-fedora-clang | 0.16.0 | 219.63 | NOTE | |||
r-devel-linux-x86_64-fedora-gcc | 0.16.0 | 249.98 | NOTE | |||
r-devel-windows-x86_64 | 0.16.0 | 62.00 | 156.00 | 218.00 | NOTE | |
r-patched-linux-x86_64 | 0.16.0 | 28.95 | 142.62 | 171.57 | NOTE | |
r-release-linux-x86_64 | 0.16.0 | 27.74 | 142.06 | 169.80 | NOTE | |
r-release-macos-arm64 | 0.16.0 | 68.00 | NOTE | |||
r-release-macos-x86_64 | 0.16.0 | 193.00 | NOTE | |||
r-release-windows-x86_64 | 0.16.0 | 77.00 | 185.00 | 262.00 | NOTE | |
r-oldrel-macos-arm64 | 0.16.0 | 60.00 | NOTE | |||
r-oldrel-windows-x86_64 | 0.16.0 | 71.00 | 181.00 | 252.00 | NOTE |
Version: 0.16.0
Check: for GNU extensions in Makefiles
Result: NOTE
GNU make is a SystemRequirements.
Flavors: r-devel-linux-x86_64-debian-clang, r-devel-linux-x86_64-debian-gcc, r-devel-linux-x86_64-fedora-clang, r-devel-linux-x86_64-fedora-gcc, r-devel-windows-x86_64, r-patched-linux-x86_64, r-release-linux-x86_64, r-release-macos-arm64, r-release-macos-x86_64, r-release-windows-x86_64, r-oldrel-macos-arm64, r-oldrel-windows-x86_64