CRAN Package Check Results for Package strider

Last updated on 2020-05-28 12:48:52 CEST.

Flavor Version Tinstall Tcheck Ttotal Status Flags
r-devel-linux-x86_64-debian-clang 1.2 17.81 112.50 130.31 NOTE
r-devel-linux-x86_64-debian-gcc 1.2 13.47 78.87 92.34 NOTE
r-devel-linux-x86_64-fedora-clang 1.2 161.82 OK
r-devel-linux-x86_64-fedora-gcc 1.2 147.83 OK
r-devel-windows-ix86+x86_64 1.2 51.00 202.00 253.00 NOTE
r-patched-linux-x86_64 1.2 14.12 95.26 109.38 NOTE
r-patched-solaris-x86 1.2 263.70 OK
r-release-linux-x86_64 1.2 14.54 95.99 110.53 NOTE
r-release-osx-x86_64 1.2 OK
r-release-windows-ix86+x86_64 1.2 36.00 240.00 276.00 NOTE
r-oldrel-osx-x86_64 1.2 OK
r-oldrel-windows-ix86+x86_64 1.2 49.00 140.00 189.00 OK

Check Details

Version: 1.2
Check: package vignettes
Result: NOTE
    Package vignette with placeholder title 'Vignette Title':
     'strider.Rmd'
Flavors: r-devel-linux-x86_64-debian-clang, r-devel-linux-x86_64-debian-gcc, r-devel-windows-ix86+x86_64, r-patched-linux-x86_64, r-release-linux-x86_64, r-release-windows-ix86+x86_64