Last updated on 2025-04-30 06:51:32 CEST.
Flavor | Version | Tinstall | Tcheck | Ttotal | Status | Flags |
---|---|---|---|---|---|---|
r-devel-linux-x86_64-debian-clang | 0.4.5 | 3.44 | 31.60 | 35.04 | NOTE | |
r-devel-linux-x86_64-debian-gcc | 0.4.5 | 2.32 | 24.94 | 27.26 | NOTE | |
r-devel-linux-x86_64-fedora-clang | 0.4.5 | 55.75 | OK | |||
r-devel-linux-x86_64-fedora-gcc | 0.4.5 | 52.93 | OK | |||
r-devel-windows-x86_64 | 0.4.5 | 5.00 | 61.00 | 66.00 | OK | |
r-patched-linux-x86_64 | 0.4.5 | 3.18 | 30.22 | 33.40 | OK | |
r-release-linux-x86_64 | 0.4.5 | 3.59 | 30.33 | 33.92 | OK | |
r-release-macos-arm64 | 0.4.5 | 22.00 | OK | |||
r-release-macos-x86_64 | 0.4.5 | 33.00 | OK | |||
r-release-windows-x86_64 | 0.4.5 | 5.00 | 59.00 | 64.00 | OK | |
r-oldrel-macos-arm64 | 0.4.5 | 22.00 | OK | |||
r-oldrel-macos-x86_64 | 0.4.5 | 31.00 | OK | |||
r-oldrel-windows-x86_64 | 0.4.5 | 6.00 | 58.00 | 64.00 | OK |
Version: 0.4.5
Check: CRAN incoming feasibility
Result: NOTE
Maintainer: ‘Pablo Barbera <pablo.barbera@nyu.edu>’
No Authors@R field in DESCRIPTION.
Please add one, modifying
Authors@R: person(given = "Pablo",
family = "Barbera",
role = c("aut", "cre"),
email = "pablo.barbera@nyu.edu")
as necessary.
Flavors: r-devel-linux-x86_64-debian-clang, r-devel-linux-x86_64-debian-gcc