CRAN Package Check Results for Package stream

Last updated on 2020-06-06 22:51:26 CEST.

Flavor Version Tinstall Tcheck Ttotal Status Flags
r-devel-linux-x86_64-debian-clang 1.3-2 140.84 168.34 309.18 OK
r-devel-linux-x86_64-debian-gcc 1.3-2 115.20 126.41 241.61 OK
r-devel-linux-x86_64-fedora-clang 1.3-2 466.11 NOTE
r-devel-linux-x86_64-fedora-gcc 1.3-2 400.58 NOTE
r-devel-windows-ix86+x86_64 1.3-2 342.00 337.00 679.00 NOTE
r-patched-linux-x86_64 1.3-2 118.60 160.26 278.86 OK
r-patched-solaris-x86 1.3-2 389.30 NOTE
r-release-linux-x86_64 1.3-2 120.45 160.61 281.06 OK
r-release-osx-x86_64 1.3-2 NOTE
r-release-windows-ix86+x86_64 1.3-2 341.00 344.00 685.00 NOTE
r-oldrel-osx-x86_64 1.3-2 NOTE
r-oldrel-windows-ix86+x86_64 1.3-2 335.00 235.00 570.00 NOTE

Check Details

Version: 1.3-2
Check: installed package size
Result: NOTE
     installed size is 14.6Mb
     sub-directories of 1Mb or more:
     doc 1.6Mb
     libs 12.2Mb
Flavors: r-devel-linux-x86_64-fedora-clang, r-devel-windows-ix86+x86_64, r-release-osx-x86_64, r-release-windows-ix86+x86_64, r-oldrel-osx-x86_64, r-oldrel-windows-ix86+x86_64

Version: 1.3-2
Check: dependencies in R code
Result: NOTE
    Namespace in Imports field not imported from: ‘dbscan’
     All declared Imports should be used.
Flavors: r-devel-linux-x86_64-fedora-clang, r-devel-linux-x86_64-fedora-gcc, r-patched-solaris-x86, r-release-osx-x86_64, r-oldrel-osx-x86_64