Last updated on 2025-02-05 06:50:29 CET.
Flavor | Version | Tinstall | Tcheck | Ttotal | Status | Flags |
---|---|---|---|---|---|---|
r-devel-linux-x86_64-debian-clang | 0.3.0 | 5.26 | 49.38 | 54.64 | NOTE | |
r-devel-linux-x86_64-debian-gcc | 0.3.0 | 3.82 | 36.98 | 40.80 | NOTE | |
r-devel-linux-x86_64-fedora-clang | 0.3.0 | 89.16 | OK | |||
r-devel-linux-x86_64-fedora-gcc | 0.3.0 | 97.19 | OK | |||
r-devel-windows-x86_64 | 0.3.0 | 8.00 | 76.00 | 84.00 | NOTE | |
r-patched-linux-x86_64 | 0.3.0 | 9.70 | 45.71 | 55.41 | OK | |
r-release-linux-x86_64 | 0.3.0 | 5.24 | 46.45 | 51.69 | OK | |
r-release-macos-arm64 | 0.3.0 | 48.00 | OK | |||
r-release-macos-x86_64 | 0.3.0 | 81.00 | OK | |||
r-release-windows-x86_64 | 0.3.0 | 10.00 | 72.00 | 82.00 | OK | |
r-oldrel-macos-arm64 | 0.3.0 | 43.00 | OK | |||
r-oldrel-macos-x86_64 | 0.3.0 | 64.00 | OK | |||
r-oldrel-windows-x86_64 | 0.3.0 | 11.00 | 87.00 | 98.00 | OK |
Version: 0.3.0
Check: Rd cross-references
Result: NOTE
Found the following Rd file(s) with Rd \link{} targets missing package
anchors:
get_publication.Rd: rvest
Please provide package anchors for all Rd \link{} targets not in the
package itself and the base packages.
Flavors: r-devel-linux-x86_64-debian-clang, r-devel-linux-x86_64-debian-gcc, r-devel-windows-x86_64