CRAN Package Check Results for Package stochvolTMB

Last updated on 2022-08-11 12:55:44 CEST.

Flavor Version Tinstall Tcheck Ttotal Status Flags
r-devel-linux-x86_64-debian-clang 0.2.0 22.09 178.20 200.29 OK
r-devel-linux-x86_64-debian-gcc 0.2.0 23.08 139.27 162.35 OK
r-devel-linux-x86_64-fedora-clang 0.2.0 253.53 NOTE
r-devel-linux-x86_64-fedora-gcc 0.2.0 265.48 OK
r-devel-windows-x86_64 0.2.0 55.00 136.00 191.00 NOTE
r-patched-linux-x86_64 0.2.0 25.36 184.16 209.52 OK
r-release-linux-x86_64 0.2.0 OK
r-release-macos-arm64 0.2.0 85.00 NOTE
r-release-macos-x86_64 0.2.0 138.00 NOTE
r-release-windows-x86_64 0.2.0 114.00 137.00 251.00 NOTE
r-oldrel-macos-arm64 0.2.0 124.00 NOTE
r-oldrel-macos-x86_64 0.2.0 99.00 NOTE
r-oldrel-windows-ix86+x86_64 0.2.0 118.00 155.00 273.00 NOTE

Check Details

Version: 0.2.0
Check: installed package size
Result: NOTE
     installed size is 12.6Mb
     sub-directories of 1Mb or more:
     libs 10.9Mb
Flavors: r-devel-linux-x86_64-fedora-clang, r-devel-windows-x86_64, r-release-macos-arm64, r-release-macos-x86_64, r-release-windows-x86_64, r-oldrel-macos-arm64, r-oldrel-macos-x86_64, r-oldrel-windows-ix86+x86_64