Last updated on 2023-06-05 03:58:11 CEST.
Flavor | Version | Tinstall | Tcheck | Ttotal | Status | Flags |
---|---|---|---|---|---|---|
r-devel-linux-x86_64-debian-clang | 3.2.1 | 152.22 | 149.86 | 302.08 | OK | |
r-devel-linux-x86_64-debian-gcc | 3.2.1 | 109.68 | 116.53 | 226.21 | OK | |
r-devel-linux-x86_64-fedora-clang | 3.2.1 | 451.04 | OK | |||
r-devel-linux-x86_64-fedora-gcc | 3.2.1 | 433.82 | OK | |||
r-devel-windows-x86_64 | 3.2.1 | 109.00 | 227.00 | 336.00 | OK | |
r-patched-linux-x86_64 | 3.2.1 | 132.89 | 146.76 | 279.65 | OK | |
r-release-linux-x86_64 | 3.2.1 | 112.52 | 146.96 | 259.48 | OK | |
r-release-macos-arm64 | 3.2.1 | 128.00 | NOTE | |||
r-release-macos-x86_64 | 3.2.1 | 207.00 | NOTE | |||
r-release-windows-x86_64 | 3.2.1 | 139.00 | 238.00 | 377.00 | OK | |
r-oldrel-macos-arm64 | 3.2.1 | 106.00 | NOTE | |||
r-oldrel-macos-x86_64 | 3.2.1 | 139.00 | NOTE | |||
r-oldrel-windows-x86_64 | 3.2.1 | 137.00 | 234.00 | 371.00 | OK |
Version: 3.2.1
Check: installed package size
Result: NOTE
installed size is 9.5Mb
sub-directories of 1Mb or more:
doc 1.9Mb
libs 6.8Mb
Flavors: r-release-macos-arm64, r-release-macos-x86_64, r-oldrel-macos-arm64, r-oldrel-macos-x86_64