CRAN Package Check Results for Package stochvol

Last updated on 2024-03-03 12:53:02 CET.

Flavor Version Tinstall Tcheck Ttotal Status Flags
r-devel-linux-x86_64-debian-clang 3.2.3 141.01 153.13 294.14 OK
r-devel-linux-x86_64-debian-gcc 3.2.3 114.52 117.80 232.32 OK
r-devel-linux-x86_64-fedora-clang 3.2.3 434.67 OK
r-devel-linux-x86_64-fedora-gcc 3.2.3 446.76 OK
r-devel-windows-x86_64 3.2.3 115.00 226.00 341.00 OK
r-patched-linux-x86_64 3.2.3 146.75 150.12 296.87 OK
r-release-linux-x86_64 3.2.3 153.82 150.34 304.16 OK
r-release-macos-arm64 3.2.3 119.00 NOTE
r-release-macos-x86_64 3.2.3 254.00 NOTE
r-release-windows-x86_64 3.2.3 115.00 244.00 359.00 OK
r-oldrel-macos-arm64 3.2.3 122.00 NOTE
r-oldrel-windows-x86_64 3.2.3 135.00 237.00 372.00 OK

Check Details

Version: 3.2.3
Check: installed package size
Result: NOTE installed size is 9.2Mb sub-directories of 1Mb or more: doc 1.9Mb libs 6.4Mb Flavors: r-release-macos-arm64, r-release-macos-x86_64, r-oldrel-macos-arm64