CRAN Package Check Results for Package stoRy

Last updated on 2020-06-06 06:47:55 CEST.

Flavor Version Tinstall Tcheck Ttotal Status Flags
r-devel-linux-x86_64-debian-clang 0.1.4 9.63 42.80 52.43 WARN
r-devel-linux-x86_64-debian-gcc 0.1.4 6.84 33.97 40.81 WARN
r-devel-linux-x86_64-fedora-clang 0.1.4 78.63 WARN
r-devel-linux-x86_64-fedora-gcc 0.1.4 64.07 WARN
r-devel-windows-ix86+x86_64 0.1.4 17.00 81.00 98.00 WARN
r-patched-linux-x86_64 0.1.4 9.46 43.02 52.48 OK
r-patched-solaris-x86 0.1.4 98.80 NOTE
r-release-linux-x86_64 0.1.4 8.81 42.71 51.52 OK
r-release-osx-x86_64 0.1.4 NOTE
r-release-windows-ix86+x86_64 0.1.4 14.00 80.00 94.00 NOTE
r-oldrel-osx-x86_64 0.1.4 NOTE
r-oldrel-windows-ix86+x86_64 0.1.4 17.00 59.00 76.00 NOTE

Check Details

Version: 0.1.4
Check: whether the namespace can be loaded with stated dependencies
Result: WARN
    Warning: S4 exports specified in 'NAMESPACE' but not defined in package 'stoRy'
Flavors: r-devel-linux-x86_64-debian-clang, r-devel-linux-x86_64-debian-gcc, r-devel-linux-x86_64-fedora-clang, r-devel-linux-x86_64-fedora-gcc, r-devel-windows-ix86+x86_64

Version: 0.1.4
Check: installed package size
Result: NOTE
     installed size is 5.7Mb
     sub-directories of 1Mb or more:
     R 2.1Mb
     datasets 2.6Mb
Flavors: r-devel-linux-x86_64-fedora-clang, r-devel-windows-ix86+x86_64, r-patched-solaris-x86, r-release-osx-x86_64, r-release-windows-ix86+x86_64, r-oldrel-osx-x86_64, r-oldrel-windows-ix86+x86_64

Version: 0.1.4
Check: data for non-ASCII characters
Result: NOTE
     Note: found 327 marked UTF-8 strings
Flavors: r-devel-linux-x86_64-fedora-clang, r-devel-linux-x86_64-fedora-gcc, r-patched-solaris-x86, r-release-osx-x86_64, r-oldrel-osx-x86_64