CRAN Package Check Results for Package stminsights

Last updated on 2020-07-15 21:48:24 CEST.

Flavor Version Tinstall Tcheck Ttotal Status Flags
r-devel-linux-x86_64-debian-clang 0.3.0 11.86 114.78 126.64 OK
r-devel-linux-x86_64-debian-gcc 0.3.0 9.93 88.05 97.98 OK
r-devel-linux-x86_64-fedora-clang 0.3.0 158.48 NOTE
r-devel-linux-x86_64-fedora-gcc 0.3.0 165.34 NOTE
r-devel-windows-ix86+x86_64 0.3.0 43.00 122.00 165.00 OK
r-patched-linux-x86_64 0.3.0 8.31 111.80 120.11 OK
r-patched-solaris-x86 0.3.0 237.20 NOTE
r-release-linux-x86_64 0.3.0 7.99 112.93 120.92 OK
r-release-windows-ix86+x86_64 0.3.0 46.00 182.00 228.00 OK
r-oldrel-macos-x86_64 0.3.0 NOTE
r-oldrel-windows-ix86+x86_64 0.3.0 36.00 160.00 196.00 OK

Check Details

Version: 0.3.0
Check: dependencies in R code
Result: NOTE
    Namespaces in Imports field not imported from:
     ‘huge’ ‘readr’ ‘scales’ ‘shinyjs’
     All declared Imports should be used.
Flavors: r-devel-linux-x86_64-fedora-clang, r-devel-linux-x86_64-fedora-gcc, r-patched-solaris-x86, r-oldrel-macos-x86_64