CRAN Package Check Results for Package stmCorrViz

Last updated on 2023-12-09 12:49:37 CET.

Flavor Version Tinstall Tcheck Ttotal Status Flags
r-devel-linux-x86_64-debian-clang 1.3 2.07 40.42 42.49 NOTE
r-devel-linux-x86_64-debian-gcc 1.3 2.01 30.89 32.90 NOTE
r-devel-linux-x86_64-fedora-clang 1.3 54.88 NOTE
r-devel-linux-x86_64-fedora-gcc 1.3 53.94 NOTE
r-devel-windows-x86_64 1.3 4.00 58.00 62.00 OK
r-patched-linux-x86_64 1.3 2.87 38.69 41.56 NOTE
r-release-linux-x86_64 1.3 2.48 38.56 41.04 NOTE
r-release-macos-arm64 1.3 28.00 OK
r-release-macos-x86_64 1.3 31.00 OK
r-release-windows-x86_64 1.3 3.00 59.00 62.00 OK
r-oldrel-macos-arm64 1.3 21.00 NOTE
r-oldrel-macos-x86_64 1.3 29.00 NOTE
r-oldrel-windows-x86_64 1.3 4.00 66.00 70.00 OK

Check Details

Version: 1.3
Check: for non-standard things in the check directory
Result: NOTE Found the following files/directories: ‘corrviz.html’ Flavors: r-devel-linux-x86_64-debian-clang, r-devel-linux-x86_64-debian-gcc, r-devel-linux-x86_64-fedora-clang, r-devel-linux-x86_64-fedora-gcc, r-patched-linux-x86_64, r-release-linux-x86_64

Version: 1.3
Check: dependencies in R code
Result: NOTE Namespaces in Imports field not imported from: ‘SnowballC’ ‘tm’ All declared Imports should be used. Flavors: r-devel-linux-x86_64-fedora-clang, r-devel-linux-x86_64-fedora-gcc, r-oldrel-macos-arm64, r-oldrel-macos-x86_64