CRAN Package Check Results for Package stm

Last updated on 2022-01-21 20:48:56 CET.

Flavor Version Tinstall Tcheck Ttotal Status Flags
r-devel-linux-x86_64-debian-clang 1.3.6 49.31 294.52 343.83 OK
r-devel-linux-x86_64-debian-gcc 1.3.6 38.31 212.29 250.60 OK
r-devel-linux-x86_64-fedora-clang 1.3.6 419.78 OK
r-devel-linux-x86_64-fedora-gcc 1.3.6 399.09 OK
r-devel-windows-x86_64-new-UL 1.3.6 95.00 369.00 464.00 OK
r-devel-windows-x86_64-new-TK 1.3.6 OK
r-patched-linux-x86_64 1.3.6 43.17 282.95 326.12 OK
r-release-linux-x86_64 1.3.6 39.29 282.64 321.93 OK
r-release-macos-arm64 1.3.6 NOTE
r-release-macos-x86_64 1.3.6 NOTE
r-release-windows-ix86+x86_64 1.3.6 102.00 520.00 622.00 OK
r-oldrel-macos-x86_64 1.3.6 NOTE
r-oldrel-windows-ix86+x86_64 1.3.6 106.00 539.00 645.00 OK

Check Details

Version: 1.3.6
Check: installed package size
Result: NOTE
     installed size is 5.7Mb
     sub-directories of 1Mb or more:
     data 1.7Mb
     libs 2.8Mb
Flavors: r-release-macos-arm64, r-release-macos-x86_64, r-oldrel-macos-x86_64