Last updated on 2024-03-29 06:56:41 CET.
Flavor | Version | Tinstall | Tcheck | Ttotal | Status | Flags |
---|---|---|---|---|---|---|
r-devel-linux-x86_64-debian-clang | 0.3.1 | 100.09 | 113.26 | 213.35 | OK | |
r-devel-linux-x86_64-debian-gcc | 0.3.1 | 79.72 | 85.85 | 165.57 | OK | |
r-devel-linux-x86_64-fedora-clang | 0.3.1 | 299.99 | OK | |||
r-devel-linux-x86_64-fedora-gcc | 0.3.1 | 315.20 | OK | |||
r-devel-windows-x86_64 | 0.3.1 | 83.00 | 111.00 | 194.00 | WARN | |
r-patched-linux-x86_64 | 0.3.1 | 104.87 | 111.02 | 215.89 | OK | |
r-release-linux-x86_64 | 0.3.1 | 97.49 | 111.04 | 208.53 | OK | |
r-release-macos-arm64 | 0.3.1 | 70.00 | NOTE | |||
r-release-macos-x86_64 | 0.3.1 | 140.00 | NOTE | |||
r-release-windows-x86_64 | 0.3.1 | 99.00 | 143.00 | 242.00 | OK | |
r-oldrel-macos-arm64 | 0.3.1 | 71.00 | NOTE | |||
r-oldrel-windows-x86_64 | 0.3.1 | 94.00 | 137.00 | 231.00 | OK |
Version: 0.3.1
Check: whether package can be installed
Result: WARN
Found the following significant warnings:
Warning: package 'dplyr' was built under R version 4.5.0
See 'd:/Rcompile/CRANpkg/local/4.4/stcos.Rcheck/00install.out' for details.
* used C++ compiler: 'g++.exe (GCC) 13.2.0'
Flavor: r-devel-windows-x86_64
Version: 0.3.1
Check: installed package size
Result: NOTE
installed size is 6.9Mb
sub-directories of 1Mb or more:
data 2.3Mb
libs 4.3Mb
Flavors: r-release-macos-arm64, r-release-macos-x86_64, r-oldrel-macos-arm64