Last updated on 2023-09-23 21:52:58 CEST.
Flavor | Version | Tinstall | Tcheck | Ttotal | Status | Flags |
---|---|---|---|---|---|---|
r-devel-linux-x86_64-debian-clang | 0.3.1 | 102.10 | 118.84 | 220.94 | OK | |
r-devel-linux-x86_64-debian-gcc | 0.3.1 | 70.99 | 88.98 | 159.97 | OK | |
r-devel-linux-x86_64-fedora-clang | 0.3.1 | 294.78 | OK | |||
r-devel-linux-x86_64-fedora-gcc | 0.3.1 | 294.12 | OK | |||
r-devel-windows-x86_64 | 0.3.1 | 83.00 | 121.00 | 204.00 | OK | |
r-patched-linux-x86_64 | 0.3.1 | 94.97 | 112.45 | 207.42 | OK | |
r-release-linux-x86_64 | 0.3.1 | 100.63 | 112.67 | 213.30 | OK | |
r-release-macos-arm64 | 0.3.1 | 70.00 | NOTE | |||
r-release-macos-x86_64 | 0.3.1 | 140.00 | NOTE | |||
r-release-windows-x86_64 | 0.3.1 | 104.00 | 150.00 | 254.00 | OK | |
r-oldrel-macos-arm64 | 0.3.1 | 71.00 | NOTE | |||
r-oldrel-macos-x86_64 | 0.3.1 | 99.00 | NOTE | |||
r-oldrel-windows-x86_64 | 0.3.1 | 94.00 | 144.00 | 238.00 | OK |
Version: 0.3.1
Check: installed package size
Result: NOTE
installed size is 6.9Mb
sub-directories of 1Mb or more:
data 2.3Mb
libs 4.3Mb
Flavors: r-release-macos-arm64, r-release-macos-x86_64, r-oldrel-macos-arm64, r-oldrel-macos-x86_64