Last updated on 2024-03-28 12:50:49 CET.
Flavor | Version | Tinstall | Tcheck | Ttotal | Status | Flags |
---|---|---|---|---|---|---|
r-devel-linux-x86_64-debian-clang | 0.1.0 | 2.59 | 33.07 | 35.66 | NOTE | |
r-devel-linux-x86_64-debian-gcc | 0.1.0 | 1.81 | 26.59 | 28.40 | NOTE | |
r-devel-linux-x86_64-fedora-clang | 0.1.0 | 48.43 | NOTE | |||
r-devel-linux-x86_64-fedora-gcc | 0.1.0 | 45.71 | NOTE | |||
r-devel-windows-x86_64 | 0.1.0 | 5.00 | 62.00 | 67.00 | NOTE | |
r-patched-linux-x86_64 | 0.1.0 | 3.32 | 33.34 | 36.66 | NOTE | |
r-release-linux-x86_64 | 0.1.0 | 2.87 | 32.00 | 34.87 | OK | |
r-release-macos-arm64 | 0.1.0 | 20.00 | OK | |||
r-release-macos-x86_64 | 0.1.0 | 26.00 | OK | |||
r-release-windows-x86_64 | 0.1.0 | 6.00 | 58.00 | 64.00 | OK | |
r-oldrel-macos-arm64 | 0.1.0 | 21.00 | OK | |||
r-oldrel-windows-x86_64 | 0.1.0 | 5.00 | 58.00 | 63.00 | OK |
Version: 0.1.0
Check: Rd files
Result: NOTE
checkRd: (-1) sample2indp.pow.Rd:48: Lost braces
48 | Pooled standard deviation= \code{sp} = sqrt{((n1 - 1) sigma1^2 +(n2 - 1) sigma2^2) / (n1 + n2 - 2)}
| ^
Flavors: r-devel-linux-x86_64-debian-clang, r-devel-linux-x86_64-debian-gcc, r-devel-linux-x86_64-fedora-clang, r-devel-linux-x86_64-fedora-gcc, r-devel-windows-x86_64, r-patched-linux-x86_64