Last updated on 2025-02-01 12:48:40 CET.
Flavor | Version | Tinstall | Tcheck | Ttotal | Status | Flags |
---|---|---|---|---|---|---|
r-devel-linux-x86_64-debian-clang | 0.3.2 | 9.29 | 85.06 | 94.35 | NOTE | |
r-devel-linux-x86_64-debian-gcc | 0.3.2 | 6.99 | 63.54 | 70.53 | NOTE | |
r-devel-linux-x86_64-fedora-clang | 0.3.2 | 150.31 | OK | |||
r-devel-linux-x86_64-fedora-gcc | 0.3.2 | 156.11 | OK | |||
r-devel-windows-x86_64 | 0.3.2 | 11.00 | 92.00 | 103.00 | NOTE | |
r-patched-linux-x86_64 | 0.3.2 | 13.82 | 78.65 | 92.47 | OK | |
r-release-linux-x86_64 | 0.3.2 | 8.01 | 78.09 | 86.10 | OK | |
r-release-macos-arm64 | 0.3.2 | 45.00 | OK | |||
r-release-macos-x86_64 | 0.3.2 | 76.00 | OK | |||
r-release-windows-x86_64 | 0.3.2 | 10.00 | 91.00 | 101.00 | OK | |
r-oldrel-macos-arm64 | 0.3.2 | 63.00 | OK | |||
r-oldrel-macos-x86_64 | 0.3.2 | 102.00 | OK | |||
r-oldrel-windows-x86_64 | 0.3.2 | 12.00 | 110.00 | 122.00 | OK |
Version: 0.3.2
Check: Rd cross-references
Result: NOTE
Found the following Rd file(s) with Rd \link{} targets missing package
anchors:
quote_cloud.Rd: wordcloud
Please provide package anchors for all Rd \link{} targets not in the
package itself and the base packages.
Flavors: r-devel-linux-x86_64-debian-clang, r-devel-linux-x86_64-debian-gcc, r-devel-windows-x86_64