CRAN Package Check Results for Package statnet.common

Last updated on 2023-01-29 20:51:41 CET.

Flavor Version Tinstall Tcheck Ttotal Status Flags
r-devel-linux-x86_64-debian-clang 4.7.0 5.60 42.88 48.48 NOTE
r-devel-linux-x86_64-debian-gcc 4.8.0 4.00 31.84 35.84 NOTE
r-devel-linux-x86_64-fedora-clang 4.8.0 61.65 NOTE
r-devel-linux-x86_64-fedora-gcc 4.8.0 59.94 NOTE
r-devel-windows-x86_64 4.8.0 184.00 89.00 273.00 NOTE
r-patched-linux-x86_64 4.8.0 6.63 37.93 44.56 NOTE
r-release-linux-x86_64 4.8.0 4.26 38.54 42.80 NOTE
r-release-macos-arm64 4.8.0 33.00 NOTE
r-release-macos-x86_64 4.8.0 34.00 NOTE
r-release-windows-x86_64 4.8.0 111.00 75.00 186.00 NOTE
r-oldrel-macos-arm64 4.8.0 37.00 NOTE
r-oldrel-macos-x86_64 4.8.0 36.00 NOTE
r-oldrel-windows-ix86+x86_64 4.8.0 12.00 86.00 98.00 NOTE

Check Details

Version: 4.7.0
Check: R code for possible problems
Result: NOTE
    Found the following possibly unsafe calls:
    File ‘statnet.common/R/control.utilities.R’:
     unlockBinding("snctrl", environment(snctrl))
     unlockBinding("snctrl", environment(update_my_snctrl))
Flavor: r-devel-linux-x86_64-debian-clang

Version: 4.8.0
Check: R code for possible problems
Result: NOTE
    Found the following possibly unsafe calls:
    File ‘statnet.common/R/control.utilities.R’:
     unlockBinding("snctrl", environment(snctrl))
     unlockBinding("snctrl", environment(update_my_snctrl))
Flavors: r-devel-linux-x86_64-debian-gcc, r-devel-linux-x86_64-fedora-clang, r-devel-linux-x86_64-fedora-gcc, r-devel-windows-x86_64, r-patched-linux-x86_64, r-release-linux-x86_64, r-release-macos-arm64, r-release-macos-x86_64, r-release-windows-x86_64, r-oldrel-macos-arm64, r-oldrel-macos-x86_64, r-oldrel-windows-ix86+x86_64