Last updated on 2023-03-27 06:50:22 CEST.
Flavor | Version | Tinstall | Tcheck | Ttotal | Status | Flags |
---|---|---|---|---|---|---|
r-devel-linux-x86_64-debian-clang | 1.0.11 | 12.01 | 245.29 | 257.30 | NOTE | |
r-devel-linux-x86_64-debian-gcc | 1.0.11 | 8.70 | 181.03 | 189.73 | NOTE | |
r-devel-linux-x86_64-fedora-clang | 1.0.11 | 304.61 | NOTE | |||
r-devel-linux-x86_64-fedora-gcc | 1.0.11 | 308.10 | NOTE | |||
r-patched-linux-x86_64 | 1.0.11 | 12.24 | 231.46 | 243.70 | NOTE | |
r-release-linux-x86_64 | 1.0.11 | 11.28 | 226.31 | 237.59 | NOTE | |
r-release-macos-arm64 | 1.0.11 | 74.00 | NOTE | |||
r-release-macos-x86_64 | 1.0.11 | 119.00 | NOTE | |||
r-release-windows-x86_64 | 1.0.11 | 65.00 | 259.00 | 324.00 | NOTE | |
r-oldrel-macos-arm64 | 1.0.11 | 82.00 | NOTE | |||
r-oldrel-macos-x86_64 | 1.0.11 | 116.00 | NOTE | |||
r-oldrel-windows-ix86+x86_64 | 1.0.11 | 22.00 | 263.00 | 285.00 | NOTE |
Version: 1.0.11
Check: package dependencies
Result: NOTE
Package suggested but not available for checking: ‘asreml’
Flavors: r-devel-linux-x86_64-debian-clang, r-devel-linux-x86_64-debian-gcc, r-devel-linux-x86_64-fedora-clang, r-devel-linux-x86_64-fedora-gcc, r-patched-linux-x86_64, r-release-linux-x86_64, r-release-macos-arm64, r-release-macos-x86_64, r-release-windows-x86_64, r-oldrel-macos-arm64, r-oldrel-macos-x86_64, r-oldrel-windows-ix86+x86_64
Version: 1.0.11
Check: dependencies in R code
Result: NOTE
Namespace in Imports field not imported from: ‘mapproj’
All declared Imports should be used.
Flavors: r-devel-linux-x86_64-fedora-clang, r-devel-linux-x86_64-fedora-gcc