CRAN Package Check Results for Package statgenQTLxT

Last updated on 2025-07-23 12:54:24 CEST.

Flavor Version Tinstall Tcheck Ttotal Status Flags
r-devel-linux-x86_64-debian-clang 1.0.2 62.43 195.22 257.65 NOTE
r-devel-linux-x86_64-debian-gcc 1.0.2 46.01 142.21 188.22 NOTE
r-devel-linux-x86_64-fedora-clang 1.0.2 399.40 OK
r-devel-linux-x86_64-fedora-gcc 1.0.2 397.62 OK
r-devel-windows-x86_64 1.0.2 70.00 225.00 295.00 NOTE
r-patched-linux-x86_64 1.0.2 65.59 193.14 258.73 NOTE
r-release-linux-x86_64 1.0.2 65.88 194.32 260.20 NOTE
r-release-macos-arm64 1.0.2 166.00 OK
r-release-macos-x86_64 1.0.3 258.00 OK
r-release-windows-x86_64 1.0.2 74.00 216.00 290.00 NOTE
r-oldrel-macos-arm64 1.0.2 166.00 NOTE
r-oldrel-macos-x86_64 1.0.3 247.00 NOTE
r-oldrel-windows-x86_64 1.0.2 88.00 298.00 386.00 OK

Check Details

Version: 1.0.2
Check: Rd cross-references
Result: NOTE Found the following Rd file(s) with Rd \link{} targets missing package anchors: runMultiTraitGwas.Rd: GWAS Please provide package anchors for all Rd \link{} targets not in the package itself and the base packages. Flavors: r-devel-linux-x86_64-debian-clang, r-devel-linux-x86_64-debian-gcc, r-devel-windows-x86_64, r-patched-linux-x86_64, r-release-linux-x86_64, r-release-windows-x86_64

Version: 1.0.2
Check: installed package size
Result: NOTE installed size is 7.4Mb sub-directories of 1Mb or more: libs 6.4Mb Flavor: r-oldrel-macos-arm64

Version: 1.0.3
Check: installed package size
Result: NOTE installed size is 7.6Mb sub-directories of 1Mb or more: libs 6.6Mb Flavor: r-oldrel-macos-x86_64