Last updated on 2023-03-26 21:54:50 CEST.
Flavor | Version | Tinstall | Tcheck | Ttotal | Status | Flags |
---|---|---|---|---|---|---|
r-devel-linux-x86_64-debian-clang | 1.0.5 | 11.23 | 217.62 | 228.85 | NOTE | |
r-devel-linux-x86_64-debian-gcc | 1.0.5 | 8.41 | 159.81 | 168.22 | NOTE | |
r-devel-linux-x86_64-fedora-clang | 1.0.5 | 275.53 | NOTE | |||
r-devel-linux-x86_64-fedora-gcc | 1.0.5 | 276.66 | NOTE | |||
r-patched-linux-x86_64 | 1.0.5 | 18.19 | 204.27 | 222.46 | NOTE | |
r-release-linux-x86_64 | 1.0.5 | 8.28 | 197.77 | 206.05 | NOTE | |
r-release-macos-arm64 | 1.0.5 | 82.00 | NOTE | |||
r-release-macos-x86_64 | 1.0.5 | 105.00 | NOTE | |||
r-release-windows-x86_64 | 1.0.5 | 67.00 | 237.00 | 304.00 | NOTE | |
r-oldrel-macos-arm64 | 1.0.5 | 84.00 | NOTE | |||
r-oldrel-macos-x86_64 | 1.0.5 | 104.00 | NOTE | |||
r-oldrel-windows-ix86+x86_64 | 1.0.5 | 24.00 | 237.00 | 261.00 | NOTE |
Version: 1.0.5
Check: package dependencies
Result: NOTE
Package suggested but not available for checking: ‘asreml’
Flavors: r-devel-linux-x86_64-debian-clang, r-devel-linux-x86_64-debian-gcc, r-devel-linux-x86_64-fedora-clang, r-devel-linux-x86_64-fedora-gcc, r-patched-linux-x86_64, r-release-linux-x86_64, r-release-macos-arm64, r-release-macos-x86_64, r-release-windows-x86_64, r-oldrel-macos-arm64, r-oldrel-macos-x86_64, r-oldrel-windows-ix86+x86_64