Last updated on 2024-04-24 06:19:30 CEST.
Flavor | Version | Tinstall | Tcheck | Ttotal | Status | Flags |
---|---|---|---|---|---|---|
r-devel-linux-x86_64-debian-clang | 0.6-5 | 18.35 | 391.20 | 409.55 | NOTE | |
r-devel-linux-x86_64-debian-gcc | 0.6-5 | 14.98 | 282.47 | 297.45 | NOTE | |
r-devel-linux-x86_64-fedora-clang | 0.6-5 | 496.20 | NOTE | |||
r-devel-linux-x86_64-fedora-gcc | 0.6-5 | 516.87 | NOTE | |||
r-prerel-macos-arm64 | 0.6-5 | 145.00 | NOTE | |||
r-prerel-macos-x86_64 | 0.6-5 | 425.00 | NOTE | |||
r-prerel-windows-x86_64 | 0.6-5 | 18.00 | 292.00 | 310.00 | NOTE | |
r-patched-linux-x86_64 | 0.6-5 | 24.67 | 363.09 | 387.76 | NOTE | |
r-release-linux-x86_64 | 0.6-5 | 17.47 | 371.03 | 388.50 | NOTE | |
r-release-macos-arm64 | 0.6-5 | 151.00 | NOTE | |||
r-release-macos-x86_64 | 0.6-5 | 338.00 | NOTE | |||
r-release-windows-x86_64 | 0.6-5 | 24.00 | 378.00 | 402.00 | NOTE | |
r-oldrel-macos-arm64 | 0.6-5 | 199.00 | NOTE | |||
r-oldrel-windows-x86_64 | 0.6-5 | 24.00 | 367.00 | 391.00 | NOTE |
Version: 0.6-5
Check: package dependencies
Result: NOTE
Package suggested but not available for checking: ‘starsdata’
Flavors: r-devel-linux-x86_64-debian-clang, r-devel-linux-x86_64-debian-gcc, r-devel-linux-x86_64-fedora-clang, r-devel-linux-x86_64-fedora-gcc, r-prerel-macos-arm64, r-prerel-macos-x86_64, r-prerel-windows-x86_64, r-patched-linux-x86_64, r-release-linux-x86_64, r-release-macos-arm64, r-release-macos-x86_64, r-release-windows-x86_64, r-oldrel-macos-arm64, r-oldrel-windows-x86_64
Version: 0.6-5
Check: installed package size
Result: NOTE
installed size is 6.4Mb
sub-directories of 1Mb or more:
doc 2.4Mb
nc 1.8Mb
Flavors: r-devel-linux-x86_64-fedora-clang, r-prerel-macos-arm64, r-prerel-macos-x86_64, r-prerel-windows-x86_64, r-release-macos-arm64, r-release-macos-x86_64, r-release-windows-x86_64, r-oldrel-macos-arm64, r-oldrel-windows-x86_64