CRAN Package Check Results for Package stargazer

Last updated on 2022-01-22 03:56:59 CET.

Flavor Version Tinstall Tcheck Ttotal Status Flags
r-devel-linux-x86_64-debian-clang 5.2.2 11.79 67.42 79.21 NOTE
r-devel-linux-x86_64-debian-gcc 5.2.2 9.00 51.18 60.18 NOTE
r-devel-linux-x86_64-fedora-clang 5.2.2 105.05 NOTE
r-devel-linux-x86_64-fedora-gcc 5.2.2 87.61 NOTE
r-devel-windows-x86_64-new-UL 5.2.2 31.00 88.00 119.00 NOTE
r-devel-windows-x86_64-new-TK 5.2.2 NOTE
r-patched-linux-x86_64 5.2.2 11.94 65.59 77.53 NOTE
r-release-linux-x86_64 5.2.2 12.61 65.62 78.23 NOTE
r-release-macos-arm64 5.2.2 OK
r-release-macos-x86_64 5.2.2 OK
r-release-windows-ix86+x86_64 5.2.2 21.00 60.00 81.00 OK
r-oldrel-macos-x86_64 5.2.2 NOTE
r-oldrel-windows-ix86+x86_64 5.2.2 16.00 65.00 81.00 OK

Check Details

Version: 5.2.2
Check: package dependencies
Result: NOTE
    Package which this enhances but not available for checking: 'mnlogit'
Flavors: r-devel-linux-x86_64-debian-clang, r-devel-linux-x86_64-debian-gcc, r-devel-linux-x86_64-fedora-clang, r-devel-linux-x86_64-fedora-gcc, r-devel-windows-x86_64-new-UL, r-devel-windows-x86_64-new-TK, r-patched-linux-x86_64, r-release-linux-x86_64

Version: 5.2.2
Check: package dependencies
Result: NOTE
    Package which this enhances but not available for checking: ‘Zelig’
Flavor: r-oldrel-macos-x86_64