CRAN Package Check Results for Package staplr

Last updated on 2021-03-07 21:49:01 CET.

Flavor Version Tinstall Tcheck Ttotal Status Flags
r-devel-linux-x86_64-debian-clang 3.1.1 5.86 101.92 107.78 OK
r-devel-linux-x86_64-debian-gcc 3.1.1 4.21 79.54 83.75 OK
r-devel-linux-x86_64-fedora-clang 3.1.1 133.95 OK
r-devel-linux-x86_64-fedora-gcc 3.1.1 122.12 OK
r-devel-windows-ix86+x86_64 3.1.1 11.00 96.00 107.00 OK
r-devel-windows-x86_64-gcc10-UCRT 3.1.1 OK
r-patched-linux-x86_64 3.1.1 5.58 99.95 105.53 OK
r-release-linux-x86_64 3.1.1 5.59 101.13 106.72 OK
r-release-macos-x86_64 3.1.1 OK
r-release-windows-ix86+x86_64 3.1.1 7.00 82.00 89.00 OK
r-oldrel-macos-x86_64 3.1.1 WARN
r-oldrel-windows-ix86+x86_64 3.1.1 8.00 82.00 90.00 OK

Check Details

Version: 3.1.1
Check: dependencies in R code
Result: NOTE
    No protocol specified
    No protocol specified
Flavor: r-oldrel-macos-x86_64

Version: 3.1.1
Check: S3 generic/method consistency
Result: WARN
    No protocol specified
    No protocol specified
    See section ‘Generic functions and methods’ in the ‘Writing R
    Extensions’ manual.
Flavor: r-oldrel-macos-x86_64

Version: 3.1.1
Check: replacement functions
Result: WARN
    No protocol specified
    No protocol specified
    The argument of a replacement function which corresponds to the right
    hand side must be named ‘value’.
Flavor: r-oldrel-macos-x86_64

Version: 3.1.1
Check: foreign function calls
Result: NOTE
    No protocol specified
    No protocol specified
    See chapter ‘System and foreign language interfaces’ in the ‘Writing R
    Extensions’ manual.
Flavor: r-oldrel-macos-x86_64

Version: 3.1.1
Check: R code for possible problems
Result: NOTE
    No protocol specified
    No protocol specified
Flavor: r-oldrel-macos-x86_64

Version: 3.1.1
Check: for missing documentation entries
Result: WARN
    No protocol specified
    No protocol specified
    All user-level objects in a package should have documentation entries.
    See chapter ‘Writing R documentation files’ in the ‘Writing R
    Extensions’ manual.
Flavor: r-oldrel-macos-x86_64

Version: 3.1.1
Check: for code/documentation mismatches
Result: WARN
    No protocol specified
    No protocol specified
    No protocol specified
    No protocol specified
    No protocol specified
    No protocol specified
Flavor: r-oldrel-macos-x86_64

Version: 3.1.1
Check: Rd \usage sections
Result: NOTE
    No protocol specified
    No protocol specified
    The \usage entries for S3 methods should use the \method markup and not
    their full name.
    See chapter ‘Writing R documentation files’ in the ‘Writing R
    Extensions’ manual.
Flavor: r-oldrel-macos-x86_64