Last updated on 2024-04-19 03:56:37 CEST.
Flavor | Version | Tinstall | Tcheck | Ttotal | Status | Flags |
---|---|---|---|---|---|---|
r-devel-linux-x86_64-debian-clang | 0.6.1 | 31.58 | 307.56 | 339.14 | OK | |
r-devel-linux-x86_64-debian-gcc | 0.6.1 | 22.15 | 220.76 | 242.91 | OK | |
r-devel-linux-x86_64-fedora-clang | 0.6.1 | 409.14 | NOTE | |||
r-devel-linux-x86_64-fedora-gcc | 0.6.1 | 397.60 | NOTE | |||
r-prerel-macos-arm64 | 0.6.1 | 104.00 | OK | |||
r-prerel-macos-x86_64 | 0.6.1 | 319.00 | OK | |||
r-prerel-windows-x86_64 | 0.6.1 | 26.00 | 246.00 | 272.00 | OK | |
r-patched-linux-x86_64 | 0.6.1 | 21.30 | 289.86 | 311.16 | OK | |
r-release-linux-x86_64 | 0.6.1 | 18.99 | 288.42 | 307.41 | OK | |
r-release-macos-arm64 | 0.6.1 | 110.00 | OK | |||
r-release-macos-x86_64 | 0.6.1 | 308.00 | OK | |||
r-release-windows-x86_64 | 0.6.1 | 36.00 | 322.00 | 358.00 | OK | |
r-oldrel-macos-arm64 | 0.6.1 | 107.00 | OK | |||
r-oldrel-windows-x86_64 | 0.6.1 | 36.00 | 287.00 | 323.00 | OK |
Version: 0.6.1
Check: data for non-ASCII characters
Result: NOTE
Note: found 40733 marked UTF-8 strings
Flavors: r-devel-linux-x86_64-fedora-clang, r-devel-linux-x86_64-fedora-gcc