Last updated on 2022-06-30 06:49:37 CEST.
Flavor | Version | Tinstall | Tcheck | Ttotal | Status | Flags |
---|---|---|---|---|---|---|
r-devel-linux-x86_64-debian-clang | 0.6-4 | 3.18 | 82.71 | 85.89 | NOTE | |
r-devel-linux-x86_64-debian-gcc | 0.6-4 | 2.58 | 60.77 | 63.35 | NOTE | |
r-devel-linux-x86_64-fedora-clang | 0.6-4 | 109.88 | NOTE | |||
r-devel-linux-x86_64-fedora-gcc | 0.6-4 | 106.62 | NOTE | |||
r-devel-windows-x86_64 | 0.6-4 | 16.00 | 80.00 | 96.00 | NOTE | |
r-patched-linux-x86_64 | 0.6-4 | 3.62 | 75.04 | 78.66 | NOTE | |
r-release-linux-x86_64 | 0.6-4 | 2.81 | 75.11 | 77.92 | NOTE | |
r-release-macos-arm64 | 0.6-4 | 27.00 | NOTE | |||
r-release-macos-x86_64 | 0.6-4 | 53.00 | NOTE | |||
r-release-windows-x86_64 | 0.6-4 | 18.00 | 77.00 | 95.00 | NOTE | |
r-oldrel-macos-arm64 | 0.6-4 | 31.00 | NOTE | |||
r-oldrel-macos-x86_64 | 0.6-4 | 58.00 | NOTE | |||
r-oldrel-windows-ix86+x86_64 | 0.6-4 | 9.00 | 72.00 | 81.00 | NOTE |
Version: 0.6-4
Check: LazyData
Result: NOTE
'LazyData' is specified without a 'data' directory
Flavors: r-devel-linux-x86_64-debian-clang, r-devel-linux-x86_64-debian-gcc, r-devel-linux-x86_64-fedora-clang, r-devel-linux-x86_64-fedora-gcc, r-devel-windows-x86_64, r-patched-linux-x86_64, r-release-linux-x86_64, r-release-macos-arm64, r-release-macos-x86_64, r-release-windows-x86_64, r-oldrel-macos-arm64, r-oldrel-macos-x86_64, r-oldrel-windows-ix86+x86_64
Version: 0.6-4
Check: package dependencies
Result: NOTE
Package suggested but not available for checking: ‘gamboostLSS’
Flavor: r-release-macos-x86_64