CRAN Package Check Results for Package stUPscales

Last updated on 2020-06-03 06:48:48 CEST.

Flavor Version Tinstall Tcheck Ttotal Status Flags
r-devel-linux-x86_64-debian-clang 1.0.3.4 18.59 175.41 194.00 NOTE
r-devel-linux-x86_64-debian-gcc 1.0.3.4 15.68 142.56 158.24 NOTE
r-devel-linux-x86_64-fedora-clang 1.0.3.4 253.99 NOTE
r-devel-linux-x86_64-fedora-gcc 1.0.3.4 227.08 NOTE
r-devel-windows-ix86+x86_64 1.0.3.4 60.00 307.00 367.00 OK
r-patched-linux-x86_64 1.0.3.4 17.47 169.75 187.22 NOTE
r-patched-solaris-x86 1.0.3.4 363.40 NOTE
r-release-linux-x86_64 1.0.3.4 20.06 171.60 191.66 NOTE
r-release-osx-x86_64 1.0.3.4 OK
r-release-windows-ix86+x86_64 1.0.3.4 40.00 211.00 251.00 OK
r-oldrel-osx-x86_64 1.0.3.4 ERROR
r-oldrel-windows-ix86+x86_64 1.0.3.4 36.00 197.00 233.00 OK

Check Details

Version: 1.0.3.4
Check: for non-standard things in the check directory
Result: NOTE
    Found the following files/directories:
     'EmiStatR_output' 'ExamplePlot-event.pdf' 'ExamplePlot-season.pdf'
     'Output1_MC-uncertainty_360min-event.pdf'
     'Output1_MC-uncertainty_360min-season.pdf' 'gof.RData' 'gof.csv'
     'gofGoF_results.RData' 'gofGoF_results.csv' 'mc.RData' 'sim1.RData'
     'summ.RData' 'variance.RData'
Flavors: r-devel-linux-x86_64-debian-clang, r-devel-linux-x86_64-debian-gcc, r-devel-linux-x86_64-fedora-clang, r-devel-linux-x86_64-fedora-gcc, r-patched-linux-x86_64, r-patched-solaris-x86, r-release-linux-x86_64

Version: 1.0.3.4
Check: package dependencies
Result: ERROR
    Package required but not available: ‘EmiStatR’
    
    See section ‘The DESCRIPTION file’ in the ‘Writing R Extensions’
    manual.
Flavor: r-oldrel-osx-x86_64