Last updated on 2023-04-01 07:10:52 CEST.
Flavor | Version | Tinstall | Tcheck | Ttotal | Status | Flags |
---|---|---|---|---|---|---|
r-devel-linux-x86_64-debian-clang | 1.5.7 | 14.46 | 108.49 | 122.95 | WARN | |
r-devel-linux-x86_64-debian-gcc | 1.5.7 | 11.56 | 82.15 | 93.71 | WARN | |
r-devel-linux-x86_64-fedora-clang | 1.5.7 | 155.50 | WARN | |||
r-devel-linux-x86_64-fedora-gcc | 1.5.7 | 148.84 | WARN | |||
r-patched-linux-x86_64 | 1.5.7 | 15.36 | 103.86 | 119.22 | WARN | |
r-release-linux-x86_64 | 1.5.7 | 18.18 | 105.30 | 123.48 | OK | |
r-release-macos-arm64 | 1.5.7 | 38.00 | OK | |||
r-release-macos-x86_64 | 1.5.7 | 58.00 | OK | |||
r-release-windows-x86_64 | 1.5.7 | 32.00 | 149.00 | 181.00 | OK | |
r-oldrel-macos-arm64 | 1.5.7 | 49.00 | OK | |||
r-oldrel-macos-x86_64 | 1.5.7 | 85.00 | OK | |||
r-oldrel-windows-ix86+x86_64 | 1.5.7 | 32.00 | 136.00 | 168.00 | OK |
Version: 1.5.7
Check: S3 generic/method consistency
Result: WARN
estfun:
function(x, ...)
estfun.ssym:
function(object, ...)
See section ‘Generic functions and methods’ in the ‘Writing R
Extensions’ manual.
Flavors: r-devel-linux-x86_64-debian-clang, r-devel-linux-x86_64-debian-gcc, r-devel-linux-x86_64-fedora-clang, r-devel-linux-x86_64-fedora-gcc, r-patched-linux-x86_64
Version: 1.5.7
Check: Rd files
Result: NOTE
checkRd: (-1) Snacks.Rd:6: Escaped LaTeX specials: \~
Flavors: r-devel-linux-x86_64-debian-clang, r-devel-linux-x86_64-debian-gcc, r-devel-linux-x86_64-fedora-clang, r-devel-linux-x86_64-fedora-gcc, r-patched-linux-x86_64