CRAN Package Check Results for Package ssrm.logmer

Last updated on 2023-09-26 12:07:41 CEST.

Flavor Version Tinstall Tcheck Ttotal Status Flags
r-devel-linux-x86_64-debian-clang 0.1 2.02 22.18 24.20 NOTE
r-devel-linux-x86_64-debian-gcc 0.1 1.90 17.85 19.75 NOTE
r-devel-linux-x86_64-fedora-clang 0.1 32.37 NOTE
r-devel-linux-x86_64-fedora-gcc 0.1 30.94 NOTE
r-devel-windows-x86_64 0.1 3.00 46.00 49.00 NOTE
r-patched-linux-x86_64 0.1 2.52 22.35 24.87 NOTE
r-release-linux-x86_64 0.1 2.53 22.44 24.97 NOTE
r-release-macos-arm64 0.1 15.00 NOTE
r-release-macos-x86_64 0.1 21.00 NOTE
r-release-windows-x86_64 0.1 4.00 46.00 50.00 NOTE
r-oldrel-macos-arm64 0.1 18.00 NOTE
r-oldrel-macos-x86_64 0.1 23.00 NOTE
r-oldrel-windows-x86_64 0.1 7.00 46.00 53.00 NOTE

Check Details

Version: 0.1
Check: LazyData
Result: NOTE
     'LazyData' is specified without a 'data' directory
Flavors: r-devel-linux-x86_64-debian-clang, r-devel-linux-x86_64-debian-gcc, r-devel-linux-x86_64-fedora-clang, r-devel-linux-x86_64-fedora-gcc, r-devel-windows-x86_64, r-patched-linux-x86_64, r-release-linux-x86_64, r-release-macos-arm64, r-release-macos-x86_64, r-release-windows-x86_64, r-oldrel-macos-arm64, r-oldrel-macos-x86_64, r-oldrel-windows-x86_64