Last updated on 2025-02-01 12:48:40 CET.
Flavor | Version | Tinstall | Tcheck | Ttotal | Status | Flags |
---|---|---|---|---|---|---|
r-devel-linux-x86_64-debian-clang | 1.3.2 | 8.20 | 181.22 | 189.42 | NOTE | |
r-devel-linux-x86_64-debian-gcc | 1.3.2 | 5.33 | 117.71 | 123.04 | NOTE | |
r-devel-linux-x86_64-fedora-clang | 1.3.2 | 309.68 | OK | |||
r-devel-linux-x86_64-fedora-gcc | 1.3.2 | 338.15 | OK | |||
r-devel-windows-x86_64 | 1.3.2 | 9.00 | 228.00 | 237.00 | NOTE | |
r-patched-linux-x86_64 | 1.3.2 | 11.00 | 172.23 | 183.23 | OK | |
r-release-linux-x86_64 | 1.3.2 | 7.22 | 171.13 | 178.35 | OK | |
r-release-macos-arm64 | 1.3.2 | 89.00 | OK | |||
r-release-macos-x86_64 | 1.3.2 | 308.00 | OK | |||
r-release-windows-x86_64 | 1.3.2 | 9.00 | 216.00 | 225.00 | OK | |
r-oldrel-macos-arm64 | 1.3.2 | 95.00 | OK | |||
r-oldrel-macos-x86_64 | 1.3.2 | 176.00 | OK | |||
r-oldrel-windows-x86_64 | 1.3.2 | 9.00 | 253.00 | 262.00 | OK |
Version: 1.3.2
Check: Rd cross-references
Result: NOTE
Found the following Rd file(s) with Rd \link{} targets missing package
anchors:
ssize.twoSampVaryDelta.Rd: ssize.twoSamp, ssize.twoSampVary,
ssize.oneSamp, ssize.oneSampVary, ssize.F, ssize.Fvary
Please provide package anchors for all Rd \link{} targets not in the
package itself and the base packages.
Flavors: r-devel-linux-x86_64-debian-clang, r-devel-linux-x86_64-debian-gcc, r-devel-windows-x86_64