CRAN Package Check Results for Package ssh

Last updated on 2022-11-26 20:56:40 CET.

Flavor Version Tinstall Tcheck Ttotal Status Flags
r-devel-linux-x86_64-debian-clang 0.8.2 5.07 29.61 34.68 OK
r-devel-linux-x86_64-debian-gcc 0.8.2 4.08 23.08 27.16 OK
r-devel-linux-x86_64-fedora-clang 0.8.2 54.96 OK
r-devel-linux-x86_64-fedora-gcc 0.8.2 52.76 OK
r-devel-windows-x86_64 0.8.2 29.00 88.00 117.00 OK
r-patched-linux-x86_64 0.8.2 OK
r-release-linux-x86_64 0.8.2 4.31 28.12 32.43 OK
r-release-macos-arm64 0.8.2 23.00 OK
r-release-macos-x86_64 0.8.2 30.00 OK
r-release-windows-x86_64 0.8.2 30.00 93.00 123.00 OK
r-oldrel-macos-arm64 0.8.2 24.00 OK
r-oldrel-macos-x86_64 0.8.2 35.00 OK
r-oldrel-windows-ix86+x86_64 0.8.2 36.00 84.00 120.00 NOTE

Check Details

Version: 0.8.2
Check: installed package size
Result: NOTE
     installed size is 6.6Mb
     sub-directories of 1Mb or more:
     libs 5.6Mb
Flavor: r-oldrel-windows-ix86+x86_64