CRAN Package Check Results for Package ssdtools

Last updated on 2020-08-12 21:49:57 CEST.

Flavor Version Tinstall Tcheck Ttotal Status Flags
r-devel-linux-x86_64-debian-clang 0.3.0 57.65 158.66 216.31 WARN
r-devel-linux-x86_64-debian-gcc 0.3.0 38.48 118.21 156.69 OK
r-devel-linux-x86_64-fedora-clang 0.3.0 278.65 OK
r-devel-linux-x86_64-fedora-gcc 0.3.0 257.38 OK
r-devel-windows-ix86+x86_64 0.3.0 112.00 368.00 480.00 OK
r-patched-linux-x86_64 0.3.0 38.75 157.48 196.23 OK
r-patched-solaris-x86 0.3.0 297.30 OK
r-release-linux-x86_64 0.3.0 41.88 151.52 193.40 WARN
r-release-macos-x86_64 0.3.0 OK
r-release-windows-ix86+x86_64 0.3.0 158.00 359.00 517.00 OK
r-oldrel-macos-x86_64 0.3.0 OK
r-oldrel-windows-ix86+x86_64 0.3.0 109.00 295.00 404.00 ERROR

Check Details

Version: 0.3.0
Check: package dependencies
Result: NOTE
    Package suggested but not available for checking: 'tidyr'
Flavors: r-devel-linux-x86_64-debian-clang, r-release-linux-x86_64

Version: 0.3.0
Check: re-building of vignette outputs
Result: WARN
    Error(s) in re-building vignettes:
     ...
    --- re-building 'distributions.Rmd' using rmarkdown
    
    Attaching package: 'ssdtools'
    
    The following objects are masked from 'package:stats':
    
     dgamma, dlnorm, dweibull, pgamma, plnorm, pweibull, qgamma, qlnorm,
     qweibull, rgamma, rlnorm, rweibull
    
    --- finished re-building 'distributions.Rmd'
    
    --- re-building 'exposure-plots.Rmd' using rmarkdown
    
    Attaching package: 'ssdtools'
    
    The following objects are masked from 'package:stats':
    
     dgamma, dlnorm, dweibull, pgamma, plnorm, pweibull, qgamma, qlnorm,
     qweibull, rgamma, rlnorm, rweibull
    
    --- finished re-building 'exposure-plots.Rmd'
    
    --- re-building 'faqs.Rmd' using rmarkdown
    
    Attaching package: 'ssdtools'
    
    The following objects are masked from 'package:stats':
    
     dgamma, dlnorm, dweibull, pgamma, plnorm, pweibull, qgamma, qlnorm,
     qweibull, rgamma, rlnorm, rweibull
    
    Quitting from lines 39-49 (faqs.Rmd)
    Error: processing vignette 'faqs.Rmd' failed with diagnostics:
    there is no package called 'tidyr'
    --- failed re-building 'faqs.Rmd'
    
    --- re-building 'small-sample-bias-ref.Rmd' using rmarkdown
    --- finished re-building 'small-sample-bias-ref.Rmd'
    
    --- re-building 'ssdtools.Rmd' using rmarkdown
    
    Attaching package: 'ssdtools'
    
    The following objects are masked from 'package:stats':
    
     dgamma, dlnorm, dweibull, pgamma, plnorm, pweibull, qgamma, qlnorm,
     qweibull, rgamma, rlnorm, rweibull
    
    --- finished re-building 'ssdtools.Rmd'
    
    --- re-building 'small-sample-bias.pdf.asis' using asis
    --- finished re-building 'small-sample-bias.pdf.asis'
    
    SUMMARY: processing the following file failed:
     'faqs.Rmd'
    
    Error: Vignette re-building failed.
    Execution halted
Flavors: r-devel-linux-x86_64-debian-clang, r-release-linux-x86_64

Version: 0.3.0
Check: running tests for arch ‘i386’
Result: ERROR
     Running 'testthat.R' [48s]
    Running the tests in 'tests/testthat.R' failed.
    Complete output:
     > # Copyright 2015 Province of British Columbia
     > #
     > # Licensed under the Apache License, Version 2.0 (the "License");
     > # you may not use this file except in compliance with the License.
     > # You may obtain a copy of the License at
     > #
     > # http://www.apache.org/licenses/LICENSE-2.0
     > #
     > # Unless required by applicable law or agreed to in writing, software
     > # distributed under the License is distributed on an "AS IS" BASIS,
     > # WITHOUT WARRANTIES OR CONDITIONS OF ANY KIND, either express or implied.
     > # See the License for the specific language governing permissions and
     > # limitations under the License.
     >
     > library(testthat)
     > library(ssdtools)
    
     Attaching package: 'ssdtools'
    
     The following objects are masked from 'package:stats':
    
     dgamma, dlnorm, dweibull, pgamma, plnorm, pweibull, qgamma, qlnorm,
     qweibull, rgamma, rlnorm, rweibull
    
     >
     > test_check("ssdtools")
     -- 1. Failure: dburrIII3 extremes (@test-burrIII3.R#20) -----------------------
     dburrIII3(NaN) not identical to NaN.
     Objects equal but not identical
    
     == testthat results ===========================================================
     [ OK: 721 | SKIPPED: 0 | WARNINGS: 2 | FAILED: 1 ]
     1. Failure: dburrIII3 extremes (@test-burrIII3.R#20)
    
     Error: testthat unit tests failed
     Execution halted
Flavor: r-oldrel-windows-ix86+x86_64