Last updated on 2024-04-24 02:53:14 CEST.
Flavor | Version | Tinstall | Tcheck | Ttotal | Status | Flags |
---|---|---|---|---|---|---|
r-devel-linux-x86_64-debian-clang | 1.1.6 | 1018.51 | 175.60 | 1194.11 | NOTE | |
r-devel-linux-x86_64-debian-gcc | 1.1.6 | 900.67 | 182.29 | 1082.96 | NOTE | |
r-devel-linux-x86_64-fedora-clang | 1.1.6 | 1403.02 | NOTE | |||
r-devel-linux-x86_64-fedora-gcc | 1.1.6 | 1949.06 | NOTE | |||
r-prerel-macos-arm64 | 1.1.6 | 340.00 | NOTE | |||
r-prerel-windows-x86_64 | 1.1.6 | 715.00 | 217.00 | 932.00 | NOTE | |
r-patched-linux-x86_64 | 1.1.6 | 751.76 | 240.61 | 992.37 | NOTE | |
r-release-linux-x86_64 | 1.1.6 | 0.01 | 2.53 | 2.54 | ERROR | |
r-release-macos-arm64 | 1.1.6 | 359.00 | NOTE | |||
r-release-macos-x86_64 | 1.1.6 | 584.00 | NOTE | |||
r-release-windows-x86_64 | 1.1.6 | 929.00 | 267.00 | 1196.00 | NOTE | |
r-oldrel-macos-arm64 | 1.1.6 | 318.00 | NOTE | |||
r-oldrel-windows-x86_64 | 1.1.6 | 903.00 | 229.00 | 1132.00 | NOTE |
Version: 1.1.6
Check: for GNU extensions in Makefiles
Result: NOTE
GNU make is a SystemRequirements.
Flavors: r-devel-linux-x86_64-debian-clang, r-devel-linux-x86_64-debian-gcc, r-devel-linux-x86_64-fedora-clang, r-devel-linux-x86_64-fedora-gcc, r-prerel-macos-arm64, r-prerel-windows-x86_64, r-patched-linux-x86_64, r-release-macos-arm64, r-release-macos-x86_64, r-release-windows-x86_64, r-oldrel-macos-arm64, r-oldrel-windows-x86_64
Version: 1.1.6
Check: installed package size
Result: NOTE
installed size is 9.2Mb
sub-directories of 1Mb or more:
libs 8.7Mb
Flavors: r-devel-linux-x86_64-fedora-clang, r-prerel-macos-arm64, r-prerel-windows-x86_64, r-release-macos-arm64, r-release-macos-x86_64, r-release-windows-x86_64, r-oldrel-macos-arm64, r-oldrel-windows-x86_64
Version: 1.1.6
Check: whether package can be installed
Result: ERROR
Installation failed.
Flavor: r-release-linux-x86_64