Last updated on 2024-03-28 12:50:49 CET.
Flavor | Version | Tinstall | Tcheck | Ttotal | Status | Flags |
---|---|---|---|---|---|---|
r-devel-linux-x86_64-debian-clang | 1.0.3 | 19.76 | 179.87 | 199.63 | OK | |
r-devel-linux-x86_64-debian-gcc | 1.0.3 | 15.34 | 133.48 | 148.82 | OK | |
r-devel-linux-x86_64-fedora-clang | 1.0.3 | 247.67 | NOTE | |||
r-devel-linux-x86_64-fedora-gcc | 1.0.3 | 253.94 | OK | |||
r-devel-windows-x86_64 | 1.0.3 | 19.00 | 156.00 | 175.00 | OK | |
r-patched-linux-x86_64 | 1.0.3 | 20.05 | 175.68 | 195.73 | OK | |
r-release-linux-x86_64 | 1.0.3 | 13.65 | 175.85 | 189.50 | OK | |
r-release-macos-arm64 | 1.0.3 | 85.00 | OK | |||
r-release-macos-x86_64 | 1.0.3 | 126.00 | OK | |||
r-release-windows-x86_64 | 1.0.3 | 23.00 | 254.00 | 277.00 | OK | |
r-oldrel-macos-arm64 | 1.0.3 | 77.00 | OK | |||
r-oldrel-windows-x86_64 | 1.0.3 | 25.00 | 185.00 | 210.00 | OK |
Version: 1.0.3
Check: Rd cross-references
Result: NOTE
Undeclared package ‘plyr’ in Rd xrefs
Flavor: r-devel-linux-x86_64-fedora-clang