Last updated on 2025-07-24 12:51:40 CEST.
Flavor | Version | Tinstall | Tcheck | Ttotal | Status | Flags |
---|---|---|---|---|---|---|
r-devel-linux-x86_64-debian-clang | 0.1.0 | 4.73 | 60.45 | 65.18 | OK | |
r-devel-linux-x86_64-debian-gcc | 0.1.0 | 3.90 | 45.56 | 49.46 | OK | |
r-devel-linux-x86_64-fedora-clang | 0.1.0 | 103.82 | OK | |||
r-devel-linux-x86_64-fedora-gcc | 0.1.0 | 105.14 | OK | |||
r-devel-windows-x86_64 | 0.1.0 | 6.00 | 90.00 | 96.00 | OK | |
r-patched-linux-x86_64 | 0.1.0 | 5.04 | 57.97 | 63.01 | OK | |
r-release-linux-x86_64 | 0.1.0 | 5.19 | 57.02 | 62.21 | OK | |
r-release-macos-arm64 | 0.1.0 | 35.00 | OK | |||
r-release-macos-x86_64 | 0.1.0 | 75.00 | OK | |||
r-release-windows-x86_64 | 0.1.0 | 7.00 | 95.00 | 102.00 | OK | |
r-oldrel-macos-arm64 | 0.1.0 | 31.00 | NOTE | |||
r-oldrel-macos-x86_64 | 0.1.0 | 46.00 | NOTE | |||
r-oldrel-windows-x86_64 | 0.1.0 | 8.00 | 96.00 | 104.00 | NOTE |
Version: 0.1.0
Check: LazyData
Result: NOTE
'LazyData' is specified without a 'data' directory
Flavors: r-oldrel-macos-arm64, r-oldrel-macos-x86_64, r-oldrel-windows-x86_64