Last updated on 2025-05-06 06:50:08 CEST.
Flavor | Version | Tinstall | Tcheck | Ttotal | Status | Flags |
---|---|---|---|---|---|---|
r-devel-linux-x86_64-debian-clang | 1.0.2.5 | 20.60 | 155.73 | 176.33 | NOTE | |
r-devel-linux-x86_64-debian-gcc | 1.0.2.5 | 13.74 | 103.95 | 117.69 | NOTE | |
r-devel-linux-x86_64-fedora-clang | 1.0.2.5 | 286.68 | NOTE | |||
r-devel-linux-x86_64-fedora-gcc | 1.0.2.5 | 288.36 | NOTE | |||
r-devel-windows-x86_64 | 1.0.2.5 | 21.00 | 142.00 | 163.00 | NOTE | |
r-patched-linux-x86_64 | 1.0.2.5 | 20.68 | 142.74 | 163.42 | NOTE | |
r-release-linux-x86_64 | 1.0.2.5 | 19.38 | 143.30 | 162.68 | NOTE | |
r-release-macos-arm64 | 1.0.2.5 | 75.00 | NOTE | |||
r-release-macos-x86_64 | 1.0.2.5 | 149.00 | NOTE | |||
r-release-windows-x86_64 | 1.0.2.5 | 22.00 | 141.00 | 163.00 | NOTE | |
r-oldrel-macos-arm64 | 1.0.2.5 | 77.00 | NOTE | |||
r-oldrel-macos-x86_64 | 1.0.2.5 | 122.00 | NOTE | |||
r-oldrel-windows-x86_64 | 1.0.2.5 | 28.00 | 184.00 | 212.00 | NOTE |
Version: 1.0.2.5
Check: Rd files
Result: NOTE
checkRd: (-1) impactspsur.Rd:42: Lost braces; missing escapes or markup?
42 | and a matching \code{Qres} list attribute if {Q} was given.
| ^
checkRd: (-1) spsur3sls.Rd:158: Lost braces; missing escapes or markup?
158 | the matrix of regressors, of order \emph{(Nxp_{g})}. Moreover,
| ^
checkRd: (-1) spsurgs3sls.Rd:67: Lost braces; missing escapes or markup?
67 | \item{het}{default {FALSE}: if {TRUE} uses the methods
| ^
checkRd: (-1) spsurgs3sls.Rd:67: Lost braces; missing escapes or markup?
67 | \item{het}{default {FALSE}: if {TRUE} uses the methods
| ^
Flavors: r-devel-linux-x86_64-debian-clang, r-devel-linux-x86_64-debian-gcc, r-devel-linux-x86_64-fedora-clang, r-devel-linux-x86_64-fedora-gcc, r-devel-windows-x86_64, r-patched-linux-x86_64, r-release-linux-x86_64, r-release-macos-arm64, r-release-macos-x86_64, r-release-windows-x86_64, r-oldrel-macos-arm64, r-oldrel-macos-x86_64, r-oldrel-windows-x86_64
Version: 1.0.2.5
Check: Rd cross-references
Result: NOTE
Found the following Rd file(s) with Rd \link{} targets missing package
anchors:
impactspsur.Rd: impacts
spsur-package.Rd: impacts
Please provide package anchors for all Rd \link{} targets not in the
package itself and the base packages.
Flavors: r-devel-linux-x86_64-debian-clang, r-devel-linux-x86_64-debian-gcc, r-devel-windows-x86_64, r-patched-linux-x86_64, r-release-linux-x86_64, r-release-windows-x86_64