CRAN Package Check Results for Package sport

Last updated on 2020-06-07 06:46:59 CEST.

Flavor Version Tinstall Tcheck Ttotal Status Flags
r-devel-linux-x86_64-debian-clang 0.2.0 31.57 95.31 126.88 OK
r-devel-linux-x86_64-debian-gcc 0.2.0 23.24 68.96 92.20 OK
r-devel-linux-x86_64-fedora-clang 0.2.0 169.91 NOTE
r-devel-linux-x86_64-fedora-gcc 0.2.0 160.61 NOTE
r-devel-windows-ix86+x86_64 0.2.0 78.00 219.00 297.00 OK
r-patched-linux-x86_64 0.2.0 26.35 90.79 117.14 OK
r-patched-solaris-x86 0.2.0 179.70 NOTE
r-release-linux-x86_64 0.2.0 26.81 89.26 116.07 OK
r-release-osx-x86_64 0.2.0 NOTE
r-release-windows-ix86+x86_64 0.2.0 84.00 218.00 302.00 OK
r-oldrel-osx-x86_64 0.2.0 NOTE
r-oldrel-windows-ix86+x86_64 0.2.0 79.00 144.00 223.00 OK

Check Details

Version: 0.2.0
Check: data for non-ASCII characters
Result: NOTE
     Note: found 7587 marked UTF-8 strings
Flavors: r-devel-linux-x86_64-fedora-clang, r-devel-linux-x86_64-fedora-gcc, r-patched-solaris-x86, r-release-osx-x86_64, r-oldrel-osx-x86_64