CRAN Package Check Results for Package spongecake

Last updated on 2024-02-24 21:40:34 CET.

Flavor Version Tinstall Tcheck Ttotal Status Flags
r-devel-linux-x86_64-debian-clang 0.1.2 5.17 48.90 54.07 NOTE
r-devel-linux-x86_64-debian-gcc 0.1.2 4.52 37.37 41.89 NOTE
r-devel-linux-x86_64-fedora-clang 0.1.2 65.49 NOTE
r-devel-linux-x86_64-fedora-gcc 0.1.2 62.83 NOTE
r-devel-windows-x86_64 0.1.2 6.00 57.00 63.00 NOTE
r-patched-linux-x86_64 0.1.2 6.23 46.94 53.17 NOTE
r-release-linux-x86_64 0.1.2 5.82 46.30 52.12 NOTE
r-release-macos-arm64 0.1.2 26.00 NOTE
r-release-macos-x86_64 0.1.2 36.00 NOTE
r-release-windows-x86_64 0.1.2 8.00 63.00 71.00 NOTE
r-oldrel-macos-arm64 0.1.2 22.00 NOTE
r-oldrel-windows-x86_64 0.1.2 8.00 66.00 74.00 NOTE

Check Details

Version: 0.1.2
Check: LazyData
Result: NOTE 'LazyData' is specified without a 'data' directory Flavors: r-devel-linux-x86_64-debian-clang, r-devel-linux-x86_64-debian-gcc, r-devel-linux-x86_64-fedora-clang, r-devel-linux-x86_64-fedora-gcc, r-devel-windows-x86_64, r-patched-linux-x86_64, r-release-linux-x86_64, r-release-macos-arm64, r-release-macos-x86_64, r-release-windows-x86_64, r-oldrel-macos-arm64, r-oldrel-windows-x86_64