Last updated on 2023-02-06 21:55:00 CET.
Flavor | Version | Tinstall | Tcheck | Ttotal | Status | Flags |
---|---|---|---|---|---|---|
r-devel-linux-x86_64-debian-clang | 1.2.0 | 16.13 | 91.62 | 107.75 | NOTE | |
r-devel-linux-x86_64-debian-gcc | 1.2.0 | 12.46 | 66.27 | 78.73 | NOTE | |
r-devel-linux-x86_64-fedora-clang | 1.2.0 | 132.24 | NOTE | |||
r-devel-linux-x86_64-fedora-gcc | 1.2.0 | 121.26 | NOTE | |||
r-devel-windows-x86_64 | 1.2.0 | 49.00 | 136.00 | 185.00 | NOTE | |
r-patched-linux-x86_64 | 1.2.0 | 17.67 | 85.23 | 102.90 | NOTE | |
r-release-linux-x86_64 | 1.2.0 | 15.19 | 90.84 | 106.03 | NOTE | |
r-release-macos-arm64 | 1.2.0 | 36.00 | NOTE | |||
r-release-macos-x86_64 | 1.2.0 | 75.00 | NOTE | |||
r-release-windows-x86_64 | 1.2.0 | 60.00 | 127.00 | 187.00 | NOTE | |
r-oldrel-macos-arm64 | 1.2.0 | 45.00 | NOTE | |||
r-oldrel-macos-x86_64 | 1.2.0 | 79.00 | NOTE | |||
r-oldrel-windows-ix86+x86_64 | 1.2.0 | 25.00 | 115.00 | 140.00 | NOTE |
Version: 1.2.0
Check: LazyData
Result: NOTE
'LazyData' is specified without a 'data' directory
Flavors: r-devel-linux-x86_64-debian-clang, r-devel-linux-x86_64-debian-gcc, r-devel-linux-x86_64-fedora-clang, r-devel-linux-x86_64-fedora-gcc, r-devel-windows-x86_64, r-patched-linux-x86_64, r-release-linux-x86_64, r-release-macos-arm64, r-release-macos-x86_64, r-release-windows-x86_64, r-oldrel-macos-arm64, r-oldrel-macos-x86_64, r-oldrel-windows-ix86+x86_64