CRAN Package Check Results for Package spocc

Last updated on 2022-06-28 03:51:44 CEST.

Flavor Version Tinstall Tcheck Ttotal Status Flags
r-devel-linux-x86_64-debian-clang 1.2.0 16.27 97.06 113.33 NOTE
r-devel-linux-x86_64-debian-gcc 1.2.0 12.35 71.58 83.93 NOTE
r-devel-linux-x86_64-fedora-clang 1.2.0 138.31 NOTE
r-devel-linux-x86_64-fedora-gcc 1.2.0 135.71 NOTE
r-devel-windows-x86_64 1.2.0 46.00 115.00 161.00 NOTE
r-patched-linux-x86_64 1.2.0 20.23 91.43 111.66 NOTE
r-release-linux-x86_64 1.2.0 16.93 90.78 107.71 NOTE
r-release-macos-arm64 1.2.0 36.00 NOTE
r-release-macos-x86_64 1.2.0 75.00 NOTE
r-release-windows-x86_64 1.2.0 45.00 116.00 161.00 NOTE
r-oldrel-macos-arm64 1.2.0 45.00 NOTE
r-oldrel-macos-x86_64 1.2.0 79.00 NOTE
r-oldrel-windows-ix86+x86_64 1.2.0 26.00 113.00 139.00 NOTE

Check Details

Version: 1.2.0
Check: LazyData
Result: NOTE
     'LazyData' is specified without a 'data' directory
Flavors: r-devel-linux-x86_64-debian-clang, r-devel-linux-x86_64-debian-gcc, r-devel-linux-x86_64-fedora-clang, r-devel-linux-x86_64-fedora-gcc, r-devel-windows-x86_64, r-patched-linux-x86_64, r-release-linux-x86_64, r-release-macos-arm64, r-release-macos-x86_64, r-release-windows-x86_64, r-oldrel-macos-arm64, r-oldrel-macos-x86_64, r-oldrel-windows-ix86+x86_64