CRAN Package Check Results for Package spnet

Last updated on 2020-06-06 06:47:54 CEST.

Flavor Version Tinstall Tcheck Ttotal Status Flags
r-devel-linux-x86_64-debian-clang 0.9.1-0 11.65 60.20 71.85 OK
r-devel-linux-x86_64-debian-gcc 0.9.1-0 8.59 46.90 55.49 OK
r-devel-linux-x86_64-fedora-clang 0.9.1-0 102.68 NOTE
r-devel-linux-x86_64-fedora-gcc 0.9.1-0 91.48 NOTE
r-devel-windows-ix86+x86_64 0.9.1-0 28.00 67.00 95.00 OK
r-patched-linux-x86_64 0.9.1-0 10.04 59.51 69.55 OK
r-patched-solaris-x86 0.9.1-0 107.60 NOTE
r-release-linux-x86_64 0.9.1-0 9.49 59.48 68.97 OK
r-release-osx-x86_64 0.9.1-0 NOTE
r-release-windows-ix86+x86_64 0.9.1-0 19.00 89.00 108.00 OK
r-oldrel-osx-x86_64 0.9.1-0 NOTE
r-oldrel-windows-ix86+x86_64 0.9.1-0 21.00 64.00 85.00 OK

Check Details

Version: 0.9.1-0
Check: data for non-ASCII characters
Result: NOTE
     Note: found 1 marked UTF-8 string
Flavors: r-devel-linux-x86_64-fedora-clang, r-devel-linux-x86_64-fedora-gcc, r-patched-solaris-x86, r-release-osx-x86_64, r-oldrel-osx-x86_64

Version: 0.9.1-0
Check: installed package size
Result: NOTE
     installed size is 5.0Mb
     sub-directories of 1Mb or more:
     doc 3.6Mb
Flavor: r-patched-solaris-x86