CRAN Package Check Results for Package spmodel

Last updated on 2023-03-28 21:54:11 CEST.

Flavor Version Tinstall Tcheck Ttotal Status Flags
r-devel-linux-x86_64-debian-clang 0.3.0 28.77 379.88 408.65 OK
r-devel-linux-x86_64-debian-gcc 0.3.0 24.33 284.50 308.83 OK
r-devel-linux-x86_64-fedora-clang 0.3.0 500.30 OK
r-devel-linux-x86_64-fedora-gcc 0.3.0 496.88 OK
r-patched-linux-x86_64 0.3.0 31.93 361.32 393.25 OK
r-release-linux-x86_64 0.3.0 29.29 363.69 392.98 OK
r-release-macos-arm64 0.3.0 117.00 ERROR
r-release-macos-x86_64 0.3.0 181.00 OK
r-release-windows-x86_64 0.3.0 105.00 465.00 570.00 OK
r-oldrel-macos-arm64 0.3.0 123.00 WARN
r-oldrel-macos-x86_64 0.3.0 185.00 OK
r-oldrel-windows-ix86+x86_64 0.3.0 51.00 467.00 518.00 OK

Check Details

Version: 0.3.0
Check: re-building of vignette outputs
Result: ERROR
    Error(s) in re-building vignettes:
     ...
    --- re-building ‘basics.Rmd’ using rmarkdown
    --- finished re-building ‘basics.Rmd’
    
    --- re-building ‘guide.Rmd’ using rmarkdown
    --- finished re-building ‘guide.Rmd’
    
    --- re-building ‘technical.Rmd’ using rmarkdown
    ! kpathsea: Running mktexpk --mfmode / --bdpi 600 --mag 1+0/600 --dpi 600 bbm10
    
    ! mkdir: ././opt/tex/texmf-var/fonts/pk/ljfour/public: Permission denied
    
    ! mktexpk: /opt/tex/texmf-dist/web2c/mktexdir /opt/tex/texmf-var/fonts/pk/ljfour/public/bbm failed.
    
    ! kpathsea: Appending font creation commands to missfont.log.
    
    Error: processing vignette 'technical.Rmd' failed with diagnostics:
    LaTeX failed to compile /Volumes/Builds/packages/big-sur-arm64/results/4.2/spmodel.Rcheck/vign_test/spmodel/vignettes/technical.tex. See https://yihui.org/tinytex/r/#debugging for debugging tips. See technical.log for more info.
    --- failed re-building ‘technical.Rmd’
    
    SUMMARY: processing the following file failed:
     ‘technical.Rmd’
    
    Error: Vignette re-building failed.
    Execution halted
Flavor: r-release-macos-arm64

Version: 0.3.0
Check: re-building of vignette outputs
Result: WARN
    Error(s) in re-building vignettes:
     ...
    --- re-building ‘basics.Rmd’ using rmarkdown
    --- finished re-building ‘basics.Rmd’
    
    --- re-building ‘guide.Rmd’ using rmarkdown
    --- finished re-building ‘guide.Rmd’
    
    --- re-building ‘technical.Rmd’ using rmarkdown
    ! kpathsea: Running mktexpk --mfmode / --bdpi 600 --mag 1+0/600 --dpi 600 bbm10
    
    ! mkdir: ././opt/tex/texmf-var/fonts/pk/ljfour/public: Permission denied
    
    ! mktexpk: /opt/tex/texmf-dist/web2c/mktexdir /opt/tex/texmf-var/fonts/pk/ljfour/public/bbm failed.
    
    ! kpathsea: Appending font creation commands to missfont.log.
    
    Error: processing vignette 'technical.Rmd' failed with diagnostics:
    LaTeX failed to compile /Volumes/Builds/packages/big-sur-arm64/results/4.1/spmodel.Rcheck/vign_test/spmodel/vignettes/technical.tex. See https://yihui.org/tinytex/r/#debugging for debugging tips. See technical.log for more info.
    --- failed re-building ‘technical.Rmd’
    
    SUMMARY: processing the following file failed:
     ‘technical.Rmd’
    
    Error: Vignette re-building failed.
    Execution halted
Flavor: r-oldrel-macos-arm64