CRAN Package Check Results for Package spm

Last updated on 2022-05-27 06:51:35 CEST.

Flavor Version Tinstall Tcheck Ttotal Status Flags
r-devel-linux-x86_64-debian-clang 1.2.2 6.91 55.43 62.34 OK
r-devel-linux-x86_64-debian-gcc 1.2.2 6.74 42.13 48.87 OK
r-devel-linux-x86_64-fedora-clang 1.2.2 78.97 NOTE
r-devel-linux-x86_64-fedora-gcc 1.2.2 63.59 NOTE
r-devel-windows-x86_64 1.2.2 26.00 78.00 104.00 OK
r-patched-linux-x86_64 1.2.2 10.05 52.94 62.99 OK
r-release-linux-x86_64 1.2.2 7.60 53.07 60.67 OK
r-release-macos-arm64 1.2.2 23.00 NOTE
r-release-macos-x86_64 1.2.2 38.00 NOTE
r-release-windows-x86_64 1.2.2 26.00 76.00 102.00 OK
r-oldrel-macos-arm64 1.2.2 21.00 NOTE
r-oldrel-macos-x86_64 1.2.2 35.00 NOTE
r-oldrel-windows-ix86+x86_64 1.2.2 18.00 66.00 84.00 OK

Check Details

Version: 1.2.2
Check: dependencies in R code
Result: NOTE
    Namespace in Imports field not imported from: ‘biomod2’
     All declared Imports should be used.
Flavors: r-devel-linux-x86_64-fedora-clang, r-devel-linux-x86_64-fedora-gcc, r-release-macos-arm64, r-release-macos-x86_64, r-oldrel-macos-arm64, r-oldrel-macos-x86_64