Last updated on 2024-04-25 15:48:11 CEST.
Flavor | Version | Tinstall | Tcheck | Ttotal | Status | Flags |
---|---|---|---|---|---|---|
r-devel-linux-x86_64-debian-clang | 0.8.2 | 35.16 | 191.61 | 226.77 | NOTE | |
r-devel-linux-x86_64-debian-gcc | 0.8.2 | 23.66 | 141.37 | 165.03 | NOTE | |
r-devel-linux-x86_64-fedora-clang | 0.8.2 | 288.33 | NOTE | |||
r-devel-linux-x86_64-fedora-gcc | 0.8.2 | 284.03 | NOTE | |||
r-devel-windows-x86_64 | 0.8.2 | 29.00 | 158.00 | 187.00 | NOTE | |
r-patched-linux-x86_64 | 0.8.2 | 24.39 | 185.20 | 209.59 | NOTE | |
r-release-linux-x86_64 | 0.8.2 | 30.01 | 186.18 | 216.19 | OK | |
r-release-macos-arm64 | 0.8.2 | 87.00 | NOTE | |||
r-release-windows-x86_64 | 0.8.2 | 27.00 | 155.00 | 182.00 | NOTE | |
r-oldrel-macos-arm64 | 0.8.2 | 83.00 | OK | |||
r-oldrel-macos-x86_64 | 0.8.2 | 142.00 | OK | |||
r-oldrel-windows-x86_64 | 0.8.2 | 35.00 | 203.00 | 238.00 | OK |
Version: 0.8.2
Check: Rd files
Result: NOTE
checkRd: (-1) speedtestdata.Rd:18: Lost braces in \itemize; meant \describe ?
checkRd: (-1) speedtestdata.Rd:19: Lost braces in \itemize; meant \describe ?
checkRd: (-1) speedtestdata.Rd:20: Lost braces in \itemize; meant \describe ?
checkRd: (-1) speedtestdata.Rd:21: Lost braces in \itemize; meant \describe ?
checkRd: (-1) speedtestdata.Rd:22: Lost braces in \itemize; meant \describe ?
checkRd: (-1) speedtestdata.Rd:23: Lost braces in \itemize; meant \describe ?
Flavors: r-devel-linux-x86_64-debian-clang, r-devel-linux-x86_64-debian-gcc, r-devel-linux-x86_64-fedora-clang, r-devel-linux-x86_64-fedora-gcc, r-devel-windows-x86_64, r-patched-linux-x86_64, r-release-macos-arm64, r-release-windows-x86_64