Last updated on 2025-02-01 12:48:40 CET.
Flavor | Version | Tinstall | Tcheck | Ttotal | Status | Flags |
---|---|---|---|---|---|---|
r-devel-linux-x86_64-debian-clang | 0.1.2 | 1.21 | 17.49 | 18.70 | OK | |
r-devel-linux-x86_64-debian-gcc | 0.1.2 | 1.31 | 14.09 | 15.40 | OK | |
r-devel-linux-x86_64-fedora-clang | 0.1.2 | 30.72 | OK | |||
r-devel-linux-x86_64-fedora-gcc | 0.1.2 | 28.51 | OK | |||
r-devel-windows-x86_64 | 0.1.2 | 3.00 | 45.00 | 48.00 | OK | |
r-patched-linux-x86_64 | 0.1.2 | 1.77 | 16.66 | 18.43 | NOTE | |
r-release-linux-x86_64 | 0.1.2 | 1.59 | 16.76 | 18.35 | NOTE | |
r-release-macos-arm64 | 0.1.2 | 14.00 | NOTE | |||
r-release-macos-x86_64 | 0.1.2 | 20.00 | NOTE | |||
r-release-windows-x86_64 | 0.1.2 | 2.00 | 38.00 | 40.00 | NOTE | |
r-oldrel-macos-arm64 | 0.1.2 | 16.00 | NOTE | |||
r-oldrel-macos-x86_64 | 0.1.2 | 19.00 | NOTE | |||
r-oldrel-windows-x86_64 | 0.1.2 | 4.00 | 38.00 | 42.00 | NOTE |
Version: 0.1.2
Check: LazyData
Result: NOTE
'LazyData' is specified without a 'data' directory
Flavors: r-patched-linux-x86_64, r-release-linux-x86_64, r-release-macos-arm64, r-release-macos-x86_64, r-release-windows-x86_64, r-oldrel-macos-arm64, r-oldrel-macos-x86_64, r-oldrel-windows-x86_64