CRAN Package Check Results for Package splines2

Last updated on 2022-09-27 21:54:03 CEST.

Flavor Version Tinstall Tcheck Ttotal Status Flags
r-devel-linux-x86_64-debian-clang 0.4.6 116.16 45.56 161.72 OK
r-devel-linux-x86_64-debian-gcc 0.4.6 92.29 35.17 127.46 OK
r-devel-linux-x86_64-fedora-clang 0.4.6 260.46 OK
r-devel-linux-x86_64-fedora-gcc 0.4.6 223.64 OK
r-devel-windows-x86_64 0.4.6 169.00 106.00 275.00 OK
r-patched-linux-x86_64 0.4.6 108.67 43.41 152.08 OK
r-release-linux-x86_64 0.4.6 105.15 42.43 147.58 OK
r-release-macos-arm64 0.4.6 62.00 NOTE
r-release-macos-x86_64 0.4.6 95.00 NOTE
r-release-windows-x86_64 0.4.6 255.00 107.00 362.00 OK
r-oldrel-macos-arm64 0.4.6 64.00 NOTE
r-oldrel-macos-x86_64 0.4.6 101.00 NOTE
r-oldrel-windows-ix86+x86_64 0.4.6 285.00 116.00 401.00 OK

Check Details

Version: 0.4.6
Check: installed package size
Result: NOTE
     installed size is 5.7Mb
     sub-directories of 1Mb or more:
     libs 4.2Mb
Flavors: r-release-macos-arm64, r-release-macos-x86_64, r-oldrel-macos-arm64, r-oldrel-macos-x86_64