Last updated on 2021-04-21 12:55:10 CEST.
Flavor | Version | Tinstall | Tcheck | Ttotal | Status | Flags |
---|---|---|---|---|---|---|
r-devel-linux-x86_64-debian-clang | 0.4.2 | 119.61 | 40.86 | 160.47 | OK | |
r-devel-linux-x86_64-debian-gcc | 0.4.2 | 78.20 | 31.93 | 110.13 | OK | |
r-devel-linux-x86_64-fedora-clang | 0.4.2 | 224.46 | NOTE | |||
r-devel-linux-x86_64-fedora-gcc | 0.4.2 | 203.35 | OK | |||
r-devel-windows-ix86+x86_64 | 0.4.2 | 280.00 | 76.00 | 356.00 | OK | |
r-devel-windows-x86_64-gcc10-UCRT | 0.4.2 | OK | ||||
r-patched-linux-x86_64 | 0.4.2 | 93.31 | 40.98 | 134.29 | OK | |
r-patched-solaris-x86 | 0.4.2 | 183.80 | OK | |||
r-release-linux-x86_64 | 0.4.2 | 95.63 | 41.50 | 137.13 | OK | |
r-release-macos-x86_64 | 0.4.2 | OK | ||||
r-release-windows-ix86+x86_64 | 0.4.2 | 271.00 | 108.00 | 379.00 | OK | |
r-oldrel-macos-x86_64 | 0.4.2 | OK | ||||
r-oldrel-windows-ix86+x86_64 | 0.4.2 | 210.00 | 94.00 | 304.00 | OK |
Version: 0.4.2
Check: installed package size
Result: NOTE
installed size is 5.3Mb
sub-directories of 1Mb or more:
libs 4.0Mb
Flavor: r-devel-linux-x86_64-fedora-clang