CRAN Package Check Results for Package spider

Last updated on 2024-07-22 20:55:55 CEST.

Flavor Version Tinstall Tcheck Ttotal Status Flags
r-devel-linux-x86_64-debian-clang 1.5.0 5.07 63.79 68.86 OK
r-devel-linux-x86_64-debian-gcc 1.5.0 3.83 47.04 50.87 NOTE
r-devel-linux-x86_64-fedora-clang 1.5.0 84.76 OK
r-devel-linux-x86_64-fedora-gcc 1.5.0 83.19 OK
r-devel-windows-x86_64 1.5.0 6.00 77.00 83.00 NOTE
r-patched-linux-x86_64 1.5.0 9.55 61.08 70.63 OK
r-release-linux-x86_64 1.5.0 5.60 60.35 65.95 OK
r-release-macos-arm64 1.5.0 29.00 OK
r-release-macos-x86_64 1.5.0 73.00 OK
r-release-windows-x86_64 1.5.0 6.00 76.00 82.00 OK
r-oldrel-macos-arm64 1.5.0 29.00 OK
r-oldrel-macos-x86_64 1.5.0 44.00 OK
r-oldrel-windows-x86_64 1.5.0 7.00 87.00 94.00 OK

Check Details

Version: 1.5.0
Check: Rd cross-references
Result: NOTE Found the following Rd file(s) with Rd \link{} targets missing package anchors: bestCloseMatch.Rd: dist.dna localMinima.Rd: dist.dna monophyly.Rd: prop.part, root, boot.phylo monophylyBoot.Rd: prop.part, root, boot.phylo nearNeighbour.Rd: dist.dna polyBalance.Rd: balance read.GB.Rd: read.GenBank rosenberg.Rd: nodelabels slideAnalyses.Rd: dist.dna spider-package.Rd: ape-package, pegas-package tajima.K.Rd: dist.dna tclust.Rd: dist.dna threshID.Rd: dist.dna tree.comp.Rd: dist.topo, node.depth Please provide package anchors for all Rd \link{} targets not in the package itself and the base packages. Flavors: r-devel-linux-x86_64-debian-gcc, r-devel-windows-x86_64