Last updated on 2023-12-10 06:50:40 CET.
Flavor | Version | Tinstall | Tcheck | Ttotal | Status | Flags |
---|---|---|---|---|---|---|
r-devel-linux-x86_64-debian-clang | 2.0 | 19.62 | 201.69 | 221.31 | OK | |
r-devel-linux-x86_64-debian-gcc | 2.0 | 15.38 | 147.73 | 163.11 | OK | |
r-devel-linux-x86_64-fedora-clang | 2.0 | 268.24 | NOTE | |||
r-devel-linux-x86_64-fedora-gcc | 2.0 | 285.11 | NOTE | |||
r-devel-windows-x86_64 | 2.0 | 19.00 | 176.00 | 195.00 | OK | |
r-patched-linux-x86_64 | 2.0 | 21.26 | 194.78 | 216.04 | OK | |
r-release-linux-x86_64 | 2.0 | 21.16 | 188.43 | 209.59 | OK | |
r-release-macos-arm64 | 2.0 | 88.00 | OK | |||
r-release-macos-x86_64 | 2.0 | 153.00 | OK | |||
r-release-windows-x86_64 | 2.0 | 25.00 | 203.00 | 228.00 | OK | |
r-oldrel-macos-arm64 | 2.0 | 132.00 | NOTE | |||
r-oldrel-macos-x86_64 | 2.0 | 192.00 | NOTE | |||
r-oldrel-windows-x86_64 | 2.0 | 26.00 | 204.00 | 230.00 | OK |
Version: 2.0
Check: dependencies in R code
Result: NOTE
Namespaces in Imports field not imported from:
‘sf’ ‘spData’
All declared Imports should be used.
Flavors: r-devel-linux-x86_64-fedora-clang, r-devel-linux-x86_64-fedora-gcc, r-oldrel-macos-arm64, r-oldrel-macos-x86_64