CRAN Package Check Results for Package sphereplot

Last updated on 2020-07-08 06:48:01 CEST.

Flavor Version Tinstall Tcheck Ttotal Status Flags
r-devel-linux-x86_64-debian-clang 1.5 3.93 38.91 42.84 NOTE
r-devel-linux-x86_64-debian-gcc 1.5 3.69 31.31 35.00 NOTE
r-devel-linux-x86_64-fedora-clang 1.5 63.12 NOTE
r-devel-linux-x86_64-fedora-gcc 1.5 54.29 NOTE
r-devel-windows-ix86+x86_64 1.5 10.00 78.00 88.00 NOTE
r-patched-linux-x86_64 1.5 4.50 39.34 43.84 NOTE
r-patched-solaris-x86 1.5 73.90 NOTE
r-release-linux-x86_64 1.5 4.56 38.87 43.43 NOTE
r-release-osx-x86_64 1.5 NOTE
r-release-windows-ix86+x86_64 1.5 10.00 50.00 60.00 NOTE
r-oldrel-osx-x86_64 1.5 WARN
r-oldrel-windows-ix86+x86_64 1.5 24.00 61.00 85.00 NOTE

Check Details

Version: 1.5
Check: dependencies in R code
Result: NOTE
    Package in Depends field not imported from: 'rgl'
     These packages need to be imported from (in the NAMESPACE file)
     for when this namespace is loaded but not attached.
Flavors: r-devel-linux-x86_64-debian-clang, r-devel-linux-x86_64-debian-gcc, r-devel-linux-x86_64-fedora-clang, r-devel-linux-x86_64-fedora-gcc, r-devel-windows-ix86+x86_64, r-patched-linux-x86_64, r-patched-solaris-x86, r-release-linux-x86_64, r-release-osx-x86_64, r-release-windows-ix86+x86_64, r-oldrel-osx-x86_64, r-oldrel-windows-ix86+x86_64

Version: 1.5
Check: R code for possible problems
Result: NOTE
    pointsphere: no visible global function definition for 'runif'
    rgl.sphMW: no visible global function definition for 'plot3d'
    rgl.sphcirc: no visible global function definition for 'rotate3d'
    rgl.sphcirc: no visible global function definition for 'lines3d'
    rgl.sphgrid: no visible global function definition for 'open3d'
    rgl.sphgrid: no visible global function definition for 'plot3d'
    rgl.sphgrid: no visible global function definition for 'lines3d'
    rgl.sphgrid: no visible global function definition for 'text3d'
    rgl.sphpoints: no visible global function definition for 'points3d'
    rgl.sphsun: no visible global function definition for 'plot3d'
    rgl.sphtext: no visible global function definition for 'text3d'
    Undefined global functions or variables:
     lines3d open3d plot3d points3d rotate3d runif text3d
    Consider adding
     importFrom("stats", "runif")
    to your NAMESPACE file.
Flavors: r-devel-linux-x86_64-debian-clang, r-devel-linux-x86_64-debian-gcc, r-devel-linux-x86_64-fedora-clang, r-devel-linux-x86_64-fedora-gcc, r-devel-windows-ix86+x86_64, r-patched-linux-x86_64, r-patched-solaris-x86, r-release-linux-x86_64, r-release-osx-x86_64, r-release-windows-ix86+x86_64, r-oldrel-osx-x86_64, r-oldrel-windows-ix86+x86_64

Version: 1.5
Check: whether package can be installed
Result: WARN
    Found the following significant warnings:
     Warning: 'rgl_init' failed, running with rgl.useNULL = TRUE
Flavor: r-oldrel-osx-x86_64