Last updated on 2023-09-23 12:57:54 CEST.
Flavor | Version | Tinstall | Tcheck | Ttotal | Status | Flags |
---|---|---|---|---|---|---|
r-devel-linux-x86_64-debian-clang | 0.1.0 | 9.69 | 116.39 | 126.08 | NOTE | |
r-devel-linux-x86_64-debian-gcc | 0.1.0 | 11.19 | 87.04 | 98.23 | NOTE | |
r-devel-linux-x86_64-fedora-clang | 0.1.0 | 161.89 | NOTE | |||
r-devel-linux-x86_64-fedora-gcc | 0.1.0 | 171.91 | NOTE | |||
r-devel-windows-x86_64 | 0.1.0 | 11.00 | 109.00 | 120.00 | NOTE | |
r-patched-linux-x86_64 | 0.1.0 | 14.12 | 112.80 | 126.92 | OK | |
r-release-linux-x86_64 | 0.1.0 | 12.56 | 112.26 | 124.82 | OK | |
r-release-macos-arm64 | 0.1.0 | 52.00 | OK | |||
r-release-macos-x86_64 | 0.1.0 | 89.00 | OK | |||
r-release-windows-x86_64 | 0.1.0 | 17.00 | 129.00 | 146.00 | OK | |
r-oldrel-macos-arm64 | 0.1.0 | 48.00 | OK | |||
r-oldrel-macos-x86_64 | 0.1.0 | 70.00 | OK | |||
r-oldrel-windows-x86_64 | 0.1.0 | 20.00 | 117.00 | 137.00 | OK |
Version: 0.1.0
Check: Rd \usage sections
Result: NOTE
Objects in \usage without \alias in documentation object 'add_details':
‘\S4method{add_details}{spflow_model}’
Functions with \usage entries need to have the appropriate \alias
entries, and all their arguments documented.
The \usage entries must correspond to syntactically valid R code.
See chapter ‘Writing R documentation files’ in the ‘Writing R
Extensions’ manual.
Flavors: r-devel-linux-x86_64-debian-clang, r-devel-linux-x86_64-debian-gcc, r-devel-linux-x86_64-fedora-clang, r-devel-linux-x86_64-fedora-gcc, r-devel-windows-x86_64